CRAN Package Check Results for Package represtools

Last updated on 2022-04-08 01:48:56 CEST.

Flavor Version Tinstall Tcheck Ttotal Status Flags
r-devel-linux-x86_64-debian-clang 0.1.3 2.06 35.46 37.52 NOTE
r-devel-linux-x86_64-debian-gcc 0.1.3 1.91 27.92 29.83 NOTE
r-devel-linux-x86_64-fedora-clang 0.1.3 46.77 NOTE
r-devel-linux-x86_64-fedora-gcc 0.1.3 34.82 NOTE
r-devel-windows-x86_64-new-UL 0.1.3 47.00 56.00 103.00 NOTE
r-patched-linux-x86_64 0.1.3 2.16 34.08 36.24 NOTE
r-release-linux-x86_64 0.1.3 2.28 33.88 36.16 NOTE
r-release-macos-arm64 0.1.3 NOTE
r-release-macos-x86_64 0.1.3 NOTE
r-release-windows-ix86+x86_64 0.1.3 6.00 39.00 45.00 NOTE
r-oldrel-macos-x86_64 0.1.3 OK
r-oldrel-windows-ix86+x86_64 0.1.3 6.00 43.00 49.00 OK

Check Details

Version: 0.1.3
Check: LazyData
Result: NOTE
     'LazyData' is specified without a 'data' directory
Flavors: r-devel-linux-x86_64-debian-clang, r-devel-linux-x86_64-debian-gcc, r-devel-linux-x86_64-fedora-clang, r-devel-linux-x86_64-fedora-gcc, r-devel-windows-x86_64-new-UL, r-patched-linux-x86_64, r-release-linux-x86_64, r-release-macos-arm64, r-release-macos-x86_64, r-release-windows-ix86+x86_64