Last updated on 2022-04-08 01:48:56 CEST.
Flavor | Version | Tinstall | Tcheck | Ttotal | Status | Flags |
---|---|---|---|---|---|---|
r-devel-linux-x86_64-debian-clang | 0.5 | 3.47 | 58.02 | 61.49 | NOTE | |
r-devel-linux-x86_64-debian-gcc | 0.5 | 2.87 | 44.04 | 46.91 | NOTE | |
r-devel-linux-x86_64-fedora-clang | 0.5 | 73.25 | NOTE | |||
r-devel-linux-x86_64-fedora-gcc | 0.5 | 60.51 | NOTE | |||
r-devel-windows-x86_64-new-UL | 0.5 | 14.00 | 83.00 | 97.00 | OK | |
r-patched-linux-x86_64 | 0.5 | 5.91 | 55.45 | 61.36 | NOTE | |
r-release-linux-x86_64 | 0.5 | 3.89 | 43.60 | 47.49 | NOTE | |
r-release-macos-arm64 | 0.5 | OK | ||||
r-release-macos-x86_64 | 0.5 | OK | ||||
r-release-windows-ix86+x86_64 | 0.5 | 9.00 | 56.00 | 65.00 | OK | |
r-oldrel-macos-x86_64 | 0.5 | OK | ||||
r-oldrel-windows-ix86+x86_64 | 0.5 | 9.00 | 55.00 | 64.00 | OK |
Version: 0.5
Check: for non-standard things in the check directory
Result: NOTE
Found the following files/directories:
'PackageCites.bib'
Flavors: r-devel-linux-x86_64-debian-clang, r-devel-linux-x86_64-debian-gcc, r-devel-linux-x86_64-fedora-clang, r-devel-linux-x86_64-fedora-gcc, r-patched-linux-x86_64, r-release-linux-x86_64