Last updated on 2022-04-08 01:48:56 CEST.
Flavor | Version | Tinstall | Tcheck | Ttotal | Status | Flags |
---|---|---|---|---|---|---|
r-devel-linux-x86_64-debian-clang | 1.0.0 | 16.41 | 369.67 | 386.08 | OK | |
r-devel-linux-x86_64-debian-gcc | 1.0.0 | 13.06 | 275.84 | 288.90 | OK | |
r-devel-linux-x86_64-fedora-clang | 1.0.0 | 495.46 | NOTE | |||
r-devel-linux-x86_64-fedora-gcc | 1.0.0 | 446.72 | NOTE | |||
r-devel-windows-x86_64-new-UL | 1.0.0 | 40.00 | 380.00 | 420.00 | OK | |
r-patched-linux-x86_64 | 1.0.0 | 13.43 | 358.24 | 371.67 | OK | |
r-release-linux-x86_64 | 1.0.0 | 10.66 | 343.00 | 353.66 | OK | |
r-release-macos-arm64 | 1.0.0 | ERROR | ||||
r-release-macos-x86_64 | 1.0.0 | ERROR | ||||
r-release-windows-ix86+x86_64 | 1.0.0 | 35.00 | 366.00 | 401.00 | OK | |
r-oldrel-macos-x86_64 | 1.0.0 | ERROR | ||||
r-oldrel-windows-ix86+x86_64 | 1.0.0 | 35.00 | 377.00 | 412.00 | OK |
Version: 1.0.0
Check: dependencies in R code
Result: NOTE
Namespace in Imports field not imported from: ‘reshape2’
All declared Imports should be used.
Flavors: r-devel-linux-x86_64-fedora-clang, r-devel-linux-x86_64-fedora-gcc
Version: 1.0.0
Check: whether package can be installed
Result: ERROR
Installation failed.
Flavors: r-release-macos-arm64, r-release-macos-x86_64, r-oldrel-macos-x86_64