CRAN Package Check Results for Package relations

Last updated on 2022-04-08 01:48:56 CEST.

Flavor Version Tinstall Tcheck Ttotal Status Flags
r-devel-linux-x86_64-debian-clang 0.6-12 10.39 104.27 114.66 OK
r-devel-linux-x86_64-debian-gcc 0.6-12 7.95 76.26 84.21 OK
r-devel-linux-x86_64-fedora-clang 0.6-12 139.91 NOTE
r-devel-linux-x86_64-fedora-gcc 0.6-12 124.04 NOTE
r-devel-windows-x86_64-new-UL 0.6-12 94.00 132.00 226.00 NOTE
r-patched-linux-x86_64 0.6-12 12.79 99.68 112.47 OK
r-release-linux-x86_64 0.6-12 10.55 96.23 106.78 OK
r-release-macos-arm64 0.6-12 NOTE
r-release-macos-x86_64 0.6-12 NOTE
r-release-windows-ix86+x86_64 0.6-12 17.00 115.00 132.00 NOTE
r-oldrel-macos-x86_64 0.6-12 NOTE
r-oldrel-windows-ix86+x86_64 0.6-12 17.00 114.00 131.00 NOTE

Check Details

Version: 0.6-12
Check: package dependencies
Result: NOTE
    Package which this enhances but not available for checking: ‘Rcplex’
Flavors: r-devel-linux-x86_64-fedora-clang, r-devel-linux-x86_64-fedora-gcc, r-devel-windows-x86_64-new-UL, r-release-macos-arm64, r-release-macos-x86_64, r-release-windows-ix86+x86_64, r-oldrel-macos-x86_64, r-oldrel-windows-ix86+x86_64

Version: 0.6-12
Check: Rd cross-references
Result: NOTE
    Undeclared package ‘graph’ in Rd xrefs
Flavor: r-devel-linux-x86_64-fedora-clang