CRAN Package Check Results for Package recexcavAAR

Last updated on 2022-04-08 01:48:56 CEST.

Flavor Version Tinstall Tcheck Ttotal Status Flags
r-devel-linux-x86_64-debian-clang 0.3.0 71.75 71.66 143.41 OK
r-devel-linux-x86_64-debian-gcc 0.3.0 61.02 56.34 117.36 OK
r-devel-linux-x86_64-fedora-clang 0.3.0 212.84 OK
r-devel-linux-x86_64-fedora-gcc 0.3.0 174.81 OK
r-devel-windows-x86_64-new-UL 0.3.0 107.00 120.00 227.00 OK
r-patched-linux-x86_64 0.3.0 59.10 68.52 127.62 OK
r-release-linux-x86_64 0.3.0 60.22 70.43 130.65 OK
r-release-macos-arm64 0.3.0 NOTE
r-release-macos-x86_64 0.3.0 WARN
r-release-windows-ix86+x86_64 0.3.0 174.00 122.00 296.00 NOTE
r-oldrel-macos-x86_64 0.3.0 WARN
r-oldrel-windows-ix86+x86_64 0.3.0 174.00 124.00 298.00 NOTE

Check Details

Version: 0.3.0
Check: installed package size
Result: NOTE
     installed size is 5.7Mb
     sub-directories of 1Mb or more:
     doc 2.5Mb
     libs 3.1Mb
Flavors: r-release-macos-arm64, r-release-windows-ix86+x86_64, r-oldrel-windows-ix86+x86_64

Version: 0.3.0
Check: re-building of vignette outputs
Result: WARN
    Error(s) in re-building vignettes:
    --- re-building ‘recexcavAAR-vignette-1.Rmd’ using rmarkdown
    Warning in engine$weave(file, quiet = quiet, encoding = enc) :
     Pandoc (>= 1.12.3) not available. Falling back to R Markdown v1.
    Quitting from lines 13-17 (recexcavAAR-vignette-1.Rmd)
    Error: processing vignette 'recexcavAAR-vignette-1.Rmd' failed with diagnostics:
    These vignettes assume pandoc version 1.13.1; older versions will not work.
    --- failed re-building ‘recexcavAAR-vignette-1.Rmd’
    
    --- re-building ‘recexcavAAR-vignette-2.Rmd’ using rmarkdown
    Warning in engine$weave(file, quiet = quiet, encoding = enc) :
     Pandoc (>= 1.12.3) not available. Falling back to R Markdown v1.
    Quitting from lines 13-17 (recexcavAAR-vignette-2.Rmd)
    Error: processing vignette 'recexcavAAR-vignette-2.Rmd' failed with diagnostics:
    These vignettes assume pandoc version 1.13.1; older versions will not work.
    --- failed re-building ‘recexcavAAR-vignette-2.Rmd’
    
    --- re-building ‘recexcavAAR-vignette-3.Rmd’ using rmarkdown
    Warning in engine$weave(file, quiet = quiet, encoding = enc) :
     Pandoc (>= 1.12.3) not available. Falling back to R Markdown v1.
    Quitting from lines 13-17 (recexcavAAR-vignette-3.Rmd)
    Error: processing vignette 'recexcavAAR-vignette-3.Rmd' failed with diagnostics:
    These vignettes assume pandoc version 1.13.1; older versions will not work.
    --- failed re-building ‘recexcavAAR-vignette-3.Rmd’
    
    SUMMARY: processing the following files failed:
     ‘recexcavAAR-vignette-1.Rmd’ ‘recexcavAAR-vignette-2.Rmd’
     ‘recexcavAAR-vignette-3.Rmd’
    
    Error: Vignette re-building failed.
    Execution halted
Flavor: r-release-macos-x86_64

Version: 0.3.0
Check: re-building of vignette outputs
Result: WARN
    Error(s) in re-building vignettes:
    --- re-building ‘recexcavAAR-vignette-1.Rmd’ using rmarkdown
    Warning in engine$weave(file, quiet = quiet, encoding = enc) :
     Pandoc (>= 1.12.3) and/or pandoc-citeproc not available. Falling back to R Markdown v1.
    Quitting from lines 13-17 (recexcavAAR-vignette-1.Rmd)
    Error: processing vignette 'recexcavAAR-vignette-1.Rmd' failed with diagnostics:
    These vignettes assume pandoc version 1.13.1; older versions will not work.
    --- failed re-building ‘recexcavAAR-vignette-1.Rmd’
    
    --- re-building ‘recexcavAAR-vignette-2.Rmd’ using rmarkdown
    Warning in engine$weave(file, quiet = quiet, encoding = enc) :
     Pandoc (>= 1.12.3) and/or pandoc-citeproc not available. Falling back to R Markdown v1.
    Quitting from lines 13-17 (recexcavAAR-vignette-2.Rmd)
    Error: processing vignette 'recexcavAAR-vignette-2.Rmd' failed with diagnostics:
    These vignettes assume pandoc version 1.13.1; older versions will not work.
    --- failed re-building ‘recexcavAAR-vignette-2.Rmd’
    
    --- re-building ‘recexcavAAR-vignette-3.Rmd’ using rmarkdown
    Warning in engine$weave(file, quiet = quiet, encoding = enc) :
     Pandoc (>= 1.12.3) and/or pandoc-citeproc not available. Falling back to R Markdown v1.
    Quitting from lines 13-17 (recexcavAAR-vignette-3.Rmd)
    Error: processing vignette 'recexcavAAR-vignette-3.Rmd' failed with diagnostics:
    These vignettes assume pandoc version 1.13.1; older versions will not work.
    --- failed re-building ‘recexcavAAR-vignette-3.Rmd’
    
    SUMMARY: processing the following files failed:
     ‘recexcavAAR-vignette-1.Rmd’ ‘recexcavAAR-vignette-2.Rmd’
     ‘recexcavAAR-vignette-3.Rmd’
    
    Error: Vignette re-building failed.
    Execution halted
Flavor: r-oldrel-macos-x86_64