CRAN Package Check Results for Package readsdr

Last updated on 2022-04-08 01:48:56 CEST.

Flavor Version Tinstall Tcheck Ttotal Status Flags
r-devel-linux-x86_64-debian-clang 0.2.0 4.38 55.91 60.29 NOTE
r-devel-linux-x86_64-debian-gcc 0.2.0 3.16 42.50 45.66 NOTE
r-devel-linux-x86_64-fedora-clang 0.2.0 76.34 NOTE
r-devel-linux-x86_64-fedora-gcc 0.2.0 60.06 NOTE
r-devel-windows-x86_64-new-UL 0.2.0 38.00 77.00 115.00 NOTE
r-patched-linux-x86_64 0.2.0 2.92 53.66 56.58 NOTE
r-release-linux-x86_64 0.2.0 3.20 51.50 54.70 NOTE
r-release-macos-arm64 0.2.0 NOTE
r-release-macos-x86_64 0.2.0 NOTE
r-release-windows-ix86+x86_64 0.2.0 8.00 61.00 69.00 NOTE
r-oldrel-macos-x86_64 0.2.0 OK
r-oldrel-windows-ix86+x86_64 0.2.0 8.00 62.00 70.00 OK

Check Details

Version: 0.2.0
Check: LazyData
Result: NOTE
     'LazyData' is specified without a 'data' directory
Flavors: r-devel-linux-x86_64-debian-clang, r-devel-linux-x86_64-debian-gcc, r-devel-linux-x86_64-fedora-clang, r-devel-linux-x86_64-fedora-gcc, r-devel-windows-x86_64-new-UL, r-patched-linux-x86_64, r-release-linux-x86_64, r-release-macos-arm64, r-release-macos-x86_64, r-release-windows-ix86+x86_64