CRAN Package Check Results for Package reactable

Last updated on 2022-04-08 01:48:56 CEST.

Flavor Version Tinstall Tcheck Ttotal Status Flags
r-devel-linux-x86_64-debian-clang 0.2.3 3.09 52.22 55.31 NOTE
r-devel-linux-x86_64-debian-gcc 0.2.3 2.67 39.37 42.04 NOTE
r-devel-linux-x86_64-fedora-clang 0.2.3 68.38 NOTE
r-devel-linux-x86_64-fedora-gcc 0.2.3 54.20 NOTE
r-devel-windows-x86_64-new-UL 0.2.3 22.00 73.00 95.00 NOTE
r-patched-linux-x86_64 0.2.3 4.72 50.05 54.77 NOTE
r-release-linux-x86_64 0.2.3 3.53 48.01 51.54 NOTE
r-release-macos-arm64 0.2.3 NOTE
r-release-macos-x86_64 0.2.3 NOTE
r-release-windows-ix86+x86_64 0.2.3 8.00 59.00 67.00 NOTE
r-oldrel-macos-x86_64 0.2.3 OK
r-oldrel-windows-ix86+x86_64 0.2.3 8.00 57.00 65.00 OK

Check Details

Version: 0.2.3
Check: LazyData
Result: NOTE
     'LazyData' is specified without a 'data' directory
Flavors: r-devel-linux-x86_64-debian-clang, r-devel-linux-x86_64-debian-gcc, r-devel-linux-x86_64-fedora-clang, r-devel-linux-x86_64-fedora-gcc, r-devel-windows-x86_64-new-UL, r-patched-linux-x86_64, r-release-linux-x86_64, r-release-macos-arm64, r-release-macos-x86_64, r-release-windows-ix86+x86_64