Last updated on 2022-04-08 01:48:56 CEST.
Flavor | Version | Tinstall | Tcheck | Ttotal | Status | Flags |
---|---|---|---|---|---|---|
r-devel-linux-x86_64-debian-clang | 0.4.4 | 3.21 | 43.66 | 46.87 | NOTE | |
r-devel-linux-x86_64-debian-gcc | 0.4.4 | 2.50 | 34.27 | 36.77 | NOTE | |
r-devel-linux-x86_64-fedora-clang | 0.4.4 | 58.53 | NOTE | |||
r-devel-linux-x86_64-fedora-gcc | 0.4.4 | 45.43 | NOTE | |||
r-devel-windows-x86_64-new-UL | 0.4.4 | 21.00 | 87.00 | 108.00 | NOTE | |
r-patched-linux-x86_64 | 0.4.4 | 2.51 | 42.29 | 44.80 | NOTE | |
r-release-linux-x86_64 | 0.4.4 | 2.77 | 43.37 | 46.14 | NOTE | |
r-release-macos-arm64 | 0.4.4 | NOTE | ||||
r-release-macos-x86_64 | 0.4.4 | NOTE | ||||
r-release-windows-ix86+x86_64 | 0.4.4 | 7.00 | 56.00 | 63.00 | NOTE | |
r-oldrel-macos-x86_64 | 0.4.4 | OK | ||||
r-oldrel-windows-ix86+x86_64 | 0.4.4 | 7.00 | 52.00 | 59.00 | OK |
Version: 0.4.4
Check: LazyData
Result: NOTE
'LazyData' is specified without a 'data' directory
Flavors: r-devel-linux-x86_64-debian-clang, r-devel-linux-x86_64-debian-gcc, r-devel-linux-x86_64-fedora-clang, r-devel-linux-x86_64-fedora-gcc, r-devel-windows-x86_64-new-UL, r-patched-linux-x86_64, r-release-linux-x86_64, r-release-macos-arm64, r-release-macos-x86_64, r-release-windows-ix86+x86_64