Last updated on 2022-04-08 01:48:56 CEST.
Flavor | Version | Tinstall | Tcheck | Ttotal | Status | Flags |
---|---|---|---|---|---|---|
r-devel-linux-x86_64-debian-clang | 1.8.8 | 4.29 | 50.29 | 54.58 | NOTE | |
r-devel-linux-x86_64-debian-gcc | 1.8.8 | 2.82 | 39.24 | 42.06 | NOTE | |
r-devel-linux-x86_64-fedora-clang | 1.8.8 | 64.46 | NOTE | |||
r-devel-linux-x86_64-fedora-gcc | 1.8.8 | 52.46 | NOTE | |||
r-devel-windows-x86_64-new-UL | 1.8.8 | 19.00 | 73.00 | 92.00 | NOTE | |
r-patched-linux-x86_64 | 1.8.8 | 4.37 | 48.50 | 52.87 | NOTE | |
r-release-linux-x86_64 | 1.8.8 | 2.81 | 46.49 | 49.30 | NOTE | |
r-release-macos-arm64 | 1.8.8 | NOTE | ||||
r-release-macos-x86_64 | 1.8.8 | NOTE | ||||
r-release-windows-ix86+x86_64 | 1.8.8 | 8.00 | 57.00 | 65.00 | NOTE | |
r-oldrel-macos-x86_64 | 1.8.8 | NOTE | ||||
r-oldrel-windows-ix86+x86_64 | 1.8.8 | 9.00 | 57.00 | 66.00 | NOTE |
Version: 1.8.8
Check: package dependencies
Result: NOTE
Package suggested but not available for checking: 'rrelaxiv'
Flavors: r-devel-linux-x86_64-debian-clang, r-devel-linux-x86_64-debian-gcc, r-devel-linux-x86_64-fedora-clang, r-devel-linux-x86_64-fedora-gcc, r-devel-windows-x86_64-new-UL, r-patched-linux-x86_64, r-release-linux-x86_64, r-release-macos-arm64, r-release-macos-x86_64, r-release-windows-ix86+x86_64, r-oldrel-macos-x86_64, r-oldrel-windows-ix86+x86_64