Last updated on 2022-04-08 01:48:56 CEST.
Flavor | Version | Tinstall | Tcheck | Ttotal | Status | Flags |
---|---|---|---|---|---|---|
r-devel-linux-x86_64-debian-clang | 0.3.7 | 7.60 | 68.34 | 75.94 | NOTE | |
r-devel-linux-x86_64-debian-gcc | 0.3.7 | 5.17 | 51.38 | 56.55 | NOTE | |
r-devel-linux-x86_64-fedora-clang | 0.3.7 | 90.59 | NOTE | |||
r-devel-linux-x86_64-fedora-gcc | 0.3.7 | 83.05 | NOTE | |||
r-devel-windows-x86_64-new-UL | 0.3.7 | 26.00 | 87.00 | 113.00 | NOTE | |
r-patched-linux-x86_64 | 0.3.7 | 12.19 | 66.67 | 78.86 | NOTE | |
r-release-linux-x86_64 | 0.3.7 | 6.73 | 64.47 | 71.20 | NOTE | |
r-release-macos-arm64 | 0.3.7 | NOTE | ||||
r-release-macos-x86_64 | 0.3.7 | NOTE | ||||
r-release-windows-ix86+x86_64 | 0.3.7 | 15.00 | 76.00 | 91.00 | NOTE | |
r-oldrel-macos-x86_64 | 0.3.7 | NOTE | ||||
r-oldrel-windows-ix86+x86_64 | 0.3.7 | 15.00 | 73.00 | 88.00 | NOTE |
Version: 0.3.7
Check: DESCRIPTION meta-information
Result: NOTE
Malformed Title field: should not end in a period.
Flavors: r-devel-linux-x86_64-debian-clang, r-devel-linux-x86_64-debian-gcc, r-devel-linux-x86_64-fedora-clang, r-devel-linux-x86_64-fedora-gcc, r-devel-windows-x86_64-new-UL, r-patched-linux-x86_64, r-release-linux-x86_64, r-release-macos-arm64, r-release-macos-x86_64, r-release-windows-ix86+x86_64, r-oldrel-macos-x86_64, r-oldrel-windows-ix86+x86_64
Version: 0.3.7
Check: R code for possible problems
Result: NOTE
find_available_versions: no visible global function definition for
'contrib.url'
find_available_versions: no visible global function definition for
'available.packages'
install_version: no visible global function definition for
'contrib.url'
install_version: no visible global function definition for
'available.packages'
install_version: no visible global function definition for
'install_url'
load_available_packages: no visible global function definition for
'contrib.url'
validate_installed_package: no visible global function definition for
'installed.packages'
Undefined global functions or variables:
available.packages contrib.url install_url installed.packages
Consider adding
importFrom("utils", "available.packages", "contrib.url",
"installed.packages")
to your NAMESPACE file.
Flavors: r-devel-linux-x86_64-debian-clang, r-devel-linux-x86_64-debian-gcc, r-devel-linux-x86_64-fedora-clang, r-devel-linux-x86_64-fedora-gcc, r-devel-windows-x86_64-new-UL, r-patched-linux-x86_64, r-release-linux-x86_64, r-release-macos-arm64, r-release-macos-x86_64, r-release-windows-ix86+x86_64, r-oldrel-macos-x86_64, r-oldrel-windows-ix86+x86_64