Last updated on 2022-04-08 01:48:55 CEST.
Flavor | Version | Tinstall | Tcheck | Ttotal | Status | Flags |
---|---|---|---|---|---|---|
r-devel-linux-x86_64-debian-clang | 1.2.3 | 73.32 | 184.99 | 258.31 | NOTE | |
r-devel-linux-x86_64-debian-gcc | 1.2.3 | 60.12 | 137.93 | 198.05 | NOTE | |
r-devel-linux-x86_64-fedora-clang | 1.2.3 | 335.34 | NOTE | |||
r-devel-linux-x86_64-fedora-gcc | 1.2.3 | 311.41 | NOTE | |||
r-devel-windows-x86_64-new-UL | 1.2.3 | 92.00 | 228.00 | 320.00 | OK | |
r-patched-linux-x86_64 | 1.2.3 | 50.76 | 176.06 | 226.82 | OK | |
r-release-linux-x86_64 | 1.2.3 | 57.15 | 173.95 | 231.10 | OK | |
r-release-macos-arm64 | 1.2.3 | NOTE | ||||
r-release-macos-x86_64 | 1.2.3 | NOTE | ||||
r-release-windows-ix86+x86_64 | 1.2.3 | 148.00 | 266.00 | 414.00 | OK | |
r-oldrel-macos-x86_64 | 1.2.3 | NOTE | ||||
r-oldrel-windows-ix86+x86_64 | 1.2.3 | 157.00 | 266.00 | 423.00 | OK |
Version: 1.2.3
Check: Rd files
Result: NOTE
checkRd: (7) file 'checkConvergence.Rd': \item in \describe must have non-empty label
checkRd: (7) file 'likelihoodFunction.Rd': \item in \describe must have non-empty label
checkRd: (7) file 'simRatematrix.Rd': \item in \describe must have non-empty label
Flavors: r-devel-linux-x86_64-debian-clang, r-devel-linux-x86_64-debian-gcc, r-devel-linux-x86_64-fedora-clang, r-devel-linux-x86_64-fedora-gcc
Version: 1.2.3
Check: installed package size
Result: NOTE
installed size is 5.0Mb
sub-directories of 1Mb or more:
libs 3.3Mb
Flavors: r-devel-linux-x86_64-fedora-clang, r-release-macos-arm64, r-release-macos-x86_64, r-oldrel-macos-x86_64