Last updated on 2022-04-08 01:48:55 CEST.
Flavor | Version | Tinstall | Tcheck | Ttotal | Status | Flags |
---|---|---|---|---|---|---|
r-devel-linux-x86_64-debian-clang | 1.5 | 56.05 | 297.95 | 354.00 | OK | |
r-devel-linux-x86_64-debian-gcc | 1.5 | 46.03 | 218.25 | 264.28 | OK | |
r-devel-linux-x86_64-fedora-clang | 1.5 | 435.79 | OK | |||
r-devel-linux-x86_64-fedora-gcc | 1.5 | 408.73 | OK | |||
r-devel-windows-x86_64-new-UL | 1.5 | 78.00 | 304.00 | 382.00 | OK | |
r-patched-linux-x86_64 | 1.5 | 56.55 | 283.53 | 340.08 | OK | |
r-release-linux-x86_64 | 1.5 | 48.62 | 259.00 | 307.62 | OK | |
r-release-macos-arm64 | 1.5 | OK | ||||
r-release-macos-x86_64 | 1.5 | OK | ||||
r-release-windows-ix86+x86_64 | 1.5 | 114.00 | 401.00 | 515.00 | NOTE | |
r-oldrel-macos-x86_64 | 1.5 | OK | ||||
r-oldrel-windows-ix86+x86_64 | 1.5 | 117.00 | 408.00 | 525.00 | NOTE |
Version: 1.5
Check: installed package size
Result: NOTE
installed size is 5.3Mb
sub-directories of 1Mb or more:
R 2.4Mb
libs 2.0Mb
Flavors: r-release-windows-ix86+x86_64, r-oldrel-windows-ix86+x86_64