Last updated on 2022-04-08 01:48:55 CEST.
Flavor | Version | Tinstall | Tcheck | Ttotal | Status | Flags |
---|---|---|---|---|---|---|
r-devel-linux-x86_64-debian-clang | 2.0.0 | 28.83 | 202.23 | 231.06 | NOTE | |
r-devel-linux-x86_64-debian-gcc | 2.0.0 | 23.28 | 151.94 | 175.22 | NOTE | |
r-devel-linux-x86_64-fedora-clang | 2.0.0 | 308.80 | NOTE | |||
r-devel-linux-x86_64-fedora-gcc | 2.0.0 | 288.33 | NOTE | |||
r-devel-windows-x86_64-new-UL | 2.0.0 | 170.00 | 285.00 | 455.00 | NOTE | |
r-patched-linux-x86_64 | 2.0.0 | 33.47 | 193.47 | 226.94 | NOTE | |
r-release-linux-x86_64 | 2.0.0 | 26.22 | 187.71 | 213.93 | NOTE | |
r-release-macos-arm64 | 2.0.0 | NOTE | ||||
r-release-macos-x86_64 | 2.0.0 | NOTE | ||||
r-release-windows-ix86+x86_64 | 2.0.0 | 46.00 | 209.00 | 255.00 | NOTE | |
r-oldrel-macos-x86_64 | 2.0.0 | OK | ||||
r-oldrel-windows-ix86+x86_64 | 2.0.0 | 49.00 | 216.00 | 265.00 | OK |
Version: 2.0.0
Check: LazyData
Result: NOTE
'LazyData' is specified without a 'data' directory
Flavors: r-devel-linux-x86_64-debian-clang, r-devel-linux-x86_64-debian-gcc, r-devel-linux-x86_64-fedora-clang, r-devel-linux-x86_64-fedora-gcc, r-devel-windows-x86_64-new-UL, r-patched-linux-x86_64, r-release-linux-x86_64, r-release-macos-arm64, r-release-macos-x86_64, r-release-windows-ix86+x86_64