Last updated on 2022-04-08 01:48:55 CEST.
Flavor | Version | Tinstall | Tcheck | Ttotal | Status | Flags |
---|---|---|---|---|---|---|
r-devel-linux-x86_64-debian-clang | 1.2.2 | 115.60 | 40.48 | 156.08 | OK | |
r-devel-linux-x86_64-debian-gcc | 1.2.2 | 121.72 | 31.49 | 153.21 | OK | |
r-devel-linux-x86_64-fedora-clang | 1.2.2 | 240.10 | NOTE | |||
r-devel-linux-x86_64-fedora-gcc | 1.2.2 | 231.39 | OK | |||
r-devel-windows-x86_64-new-UL | 1.2.2 | 151.00 | 95.00 | 246.00 | OK | |
r-patched-linux-x86_64 | 1.2.2 | 119.58 | 38.86 | 158.44 | OK | |
r-release-linux-x86_64 | 1.2.2 | 114.89 | 37.95 | 152.84 | OK | |
r-release-macos-arm64 | 1.2.2 | NOTE | ||||
r-release-macos-x86_64 | 1.2.2 | NOTE | ||||
r-release-windows-ix86+x86_64 | 1.2.2 | 290.00 | 84.00 | 374.00 | NOTE | |
r-oldrel-macos-x86_64 | 1.2.2 | NOTE | ||||
r-oldrel-windows-ix86+x86_64 | 1.2.2 | 272.00 | 86.00 | 358.00 | NOTE |
Version: 1.2.2
Check: installed package size
Result: NOTE
installed size is 11.9Mb
sub-directories of 1Mb or more:
libs 11.6Mb
Flavors: r-devel-linux-x86_64-fedora-clang, r-release-macos-arm64, r-release-macos-x86_64, r-release-windows-ix86+x86_64, r-oldrel-macos-x86_64, r-oldrel-windows-ix86+x86_64