Last updated on 2022-04-08 01:48:55 CEST.
Flavor | Version | Tinstall | Tcheck | Ttotal | Status | Flags |
---|---|---|---|---|---|---|
r-devel-linux-x86_64-debian-clang | 1.4.1 | 17.84 | 156.29 | 174.13 | OK | |
r-devel-linux-x86_64-debian-gcc | 1.4.1 | 13.97 | 115.16 | 129.13 | OK | |
r-devel-linux-x86_64-fedora-clang | 1.4.1 | 203.24 | NOTE | |||
r-devel-linux-x86_64-fedora-gcc | 1.4.1 | 186.27 | OK | |||
r-devel-windows-x86_64-new-UL | 1.4.1 | 197.00 | 190.00 | 387.00 | OK | |
r-patched-linux-x86_64 | 1.4.1 | 21.07 | 147.50 | 168.57 | OK | |
r-release-linux-x86_64 | 1.4.1 | 15.06 | 139.47 | 154.53 | OK | |
r-release-macos-arm64 | 1.4.1 | OK | ||||
r-release-macos-x86_64 | 1.4.1 | OK | ||||
r-release-windows-ix86+x86_64 | 1.4.1 | 39.00 | 165.00 | 204.00 | OK | |
r-oldrel-macos-x86_64 | 1.4.1 | OK | ||||
r-oldrel-windows-ix86+x86_64 | 1.4.1 | 37.00 | 175.00 | 212.00 | OK |
Version: 1.4.1
Check: package dependencies
Result: NOTE
Imports includes 27 non-default packages.
Importing from so many packages makes the package vulnerable to any of
them becoming unavailable. Move as many as possible to Suggests and
use conditionally.
Flavor: r-devel-linux-x86_64-fedora-clang