Last updated on 2022-04-08 01:48:57 CEST.
Flavor | Version | Tinstall | Tcheck | Ttotal | Status | Flags |
---|---|---|---|---|---|---|
r-devel-linux-x86_64-debian-clang | 1.3 | 74.95 | 108.45 | 183.40 | NOTE | |
r-devel-linux-x86_64-debian-gcc | 1.3 | 63.79 | 81.20 | 144.99 | NOTE | |
r-devel-linux-x86_64-fedora-clang | 1.3 | 254.06 | NOTE | |||
r-devel-linux-x86_64-fedora-gcc | 1.3 | 217.03 | NOTE | |||
r-devel-windows-x86_64-new-UL | 1.3 | 87.00 | 168.00 | 255.00 | NOTE | |
r-patched-linux-x86_64 | 1.3 | 72.13 | 102.34 | 174.47 | NOTE | |
r-release-linux-x86_64 | 1.3 | 67.59 | 80.36 | 147.95 | NOTE | |
r-release-macos-arm64 | 1.3 | NOTE | ||||
r-release-macos-x86_64 | 1.3 | NOTE | ||||
r-release-windows-ix86+x86_64 | 1.3 | 187.00 | 127.00 | 314.00 | NOTE | |
r-oldrel-macos-x86_64 | 1.3 | NOTE | ||||
r-oldrel-windows-ix86+x86_64 | 1.3 | 187.00 | 132.00 | 319.00 | NOTE |
Version: 1.3
Check: LazyData
Result: NOTE
'LazyData' is specified without a 'data' directory
Flavors: r-devel-linux-x86_64-debian-clang, r-devel-linux-x86_64-debian-gcc, r-devel-linux-x86_64-fedora-clang, r-devel-linux-x86_64-fedora-gcc, r-devel-windows-x86_64-new-UL, r-patched-linux-x86_64, r-release-linux-x86_64, r-release-macos-arm64, r-release-macos-x86_64, r-release-windows-ix86+x86_64
Version: 1.3
Check: for GNU extensions in Makefiles
Result: NOTE
GNU make is a SystemRequirements.
Flavors: r-devel-linux-x86_64-debian-clang, r-devel-linux-x86_64-debian-gcc, r-devel-linux-x86_64-fedora-clang, r-devel-linux-x86_64-fedora-gcc, r-devel-windows-x86_64-new-UL, r-patched-linux-x86_64, r-release-linux-x86_64, r-release-macos-arm64, r-release-macos-x86_64, r-release-windows-ix86+x86_64, r-oldrel-macos-x86_64, r-oldrel-windows-ix86+x86_64