CRAN Package Check Results for Package rCRM

Last updated on 2022-04-08 01:48:56 CEST.

Flavor Version Tinstall Tcheck Ttotal Status Flags
r-devel-linux-x86_64-debian-clang 0.1.1 30.07 37.98 68.05 NOTE
r-devel-linux-x86_64-debian-gcc 0.1.1 24.74 29.50 54.24 NOTE
r-devel-linux-x86_64-fedora-clang 0.1.1 92.73 NOTE
r-devel-linux-x86_64-fedora-gcc 0.1.1 73.26 NOTE
r-devel-windows-x86_64-new-UL 0.1.1 29.00 78.00 107.00 NOTE
r-patched-linux-x86_64 0.1.1 24.62 36.35 60.97 NOTE
r-release-linux-x86_64 0.1.1 25.75 34.84 60.59 NOTE
r-release-macos-arm64 0.1.1 NOTE
r-release-macos-x86_64 0.1.1 NOTE
r-release-windows-ix86+x86_64 0.1.1 67.00 71.00 138.00 NOTE
r-oldrel-macos-x86_64 0.1.1 OK
r-oldrel-windows-ix86+x86_64 0.1.1 68.00 77.00 145.00 OK

Check Details

Version: 0.1.1
Check: LazyData
Result: NOTE
     'LazyData' is specified without a 'data' directory
Flavors: r-devel-linux-x86_64-debian-clang, r-devel-linux-x86_64-debian-gcc, r-devel-linux-x86_64-fedora-clang, r-devel-linux-x86_64-fedora-gcc, r-devel-windows-x86_64-new-UL, r-patched-linux-x86_64, r-release-linux-x86_64, r-release-macos-arm64, r-release-macos-x86_64, r-release-windows-ix86+x86_64