Last updated on 2022-04-08 01:48:55 CEST.
Flavor | Version | Tinstall | Tcheck | Ttotal | Status | Flags |
---|---|---|---|---|---|---|
r-devel-linux-x86_64-debian-clang | 0.9.4 | 123.27 | 305.48 | 428.75 | OK | |
r-devel-linux-x86_64-debian-gcc | 0.9.4 | 104.45 | 230.75 | 335.20 | OK | |
r-devel-linux-x86_64-fedora-clang | 0.9.4 | 577.52 | NOTE | |||
r-devel-linux-x86_64-fedora-gcc | 0.9.4 | 540.28 | NOTE | |||
r-devel-windows-x86_64-new-UL | 0.9.4 | 330.00 | 389.00 | 719.00 | NOTE | |
r-patched-linux-x86_64 | 0.9.4 | 120.52 | 292.27 | 412.79 | OK | |
r-release-linux-x86_64 | 0.9.4 | 115.11 | 252.11 | 367.22 | OK | |
r-release-macos-arm64 | 0.9.4 | NOTE | ||||
r-release-macos-x86_64 | 0.9.4 | NOTE | ||||
r-release-windows-ix86+x86_64 | 0.9.4 | 295.00 | 428.00 | 723.00 | NOTE | |
r-oldrel-macos-x86_64 | 0.9.4 | NOTE | ||||
r-oldrel-windows-ix86+x86_64 | 0.9.4 | 297.00 | 427.00 | 724.00 | NOTE |
Version: 0.9.4
Check: installed package size
Result: NOTE
installed size is 9.2Mb
sub-directories of 1Mb or more:
data 3.8Mb
libs 5.0Mb
Flavors: r-devel-linux-x86_64-fedora-clang, r-devel-windows-x86_64-new-UL, r-release-macos-arm64, r-release-macos-x86_64, r-release-windows-ix86+x86_64, r-oldrel-macos-x86_64, r-oldrel-windows-ix86+x86_64
Version: 0.9.4
Check: data for non-ASCII characters
Result: NOTE
Note: found 35707 marked UTF-8 strings
Flavors: r-devel-linux-x86_64-fedora-clang, r-devel-linux-x86_64-fedora-gcc, r-release-macos-arm64, r-release-macos-x86_64, r-oldrel-macos-x86_64