Last updated on 2022-04-08 01:48:55 CEST.
Flavor | Version | Tinstall | Tcheck | Ttotal | Status | Flags |
---|---|---|---|---|---|---|
r-devel-linux-x86_64-debian-clang | 1.2.0 | 10.79 | 111.14 | 121.93 | OK | |
r-devel-linux-x86_64-debian-gcc | 1.2.0 | 8.27 | 80.11 | 88.38 | OK | |
r-devel-linux-x86_64-fedora-clang | 1.2.0 | 142.68 | NOTE | |||
r-devel-linux-x86_64-fedora-gcc | 1.2.0 | 127.11 | NOTE | |||
r-devel-windows-x86_64-new-UL | 1.2.0 | 37.00 | 128.00 | 165.00 | OK | |
r-patched-linux-x86_64 | 1.2.0 | 9.14 | 102.40 | 111.54 | OK | |
r-release-linux-x86_64 | 1.2.0 | 8.65 | 97.93 | 106.58 | OK | |
r-release-macos-arm64 | 1.2.0 | NOTE | ||||
r-release-macos-x86_64 | 1.2.0 | NOTE | ||||
r-release-windows-ix86+x86_64 | 1.2.0 | 21.00 | 114.00 | 135.00 | OK | |
r-oldrel-macos-x86_64 | 1.2.0 | NOTE | ||||
r-oldrel-windows-ix86+x86_64 | 1.2.0 | 22.00 | 116.00 | 138.00 | OK |
Version: 1.2.0
Check: dependencies in R code
Result: NOTE
Namespaces in Imports field not imported from:
‘RColorBrewer’ ‘purrr’
All declared Imports should be used.
Flavors: r-devel-linux-x86_64-fedora-clang, r-devel-linux-x86_64-fedora-gcc, r-release-macos-arm64, r-release-macos-x86_64, r-oldrel-macos-x86_64