Last updated on 2022-04-08 01:48:55 CEST.
Flavor | Version | Tinstall | Tcheck | Ttotal | Status | Flags |
---|---|---|---|---|---|---|
r-devel-linux-x86_64-debian-clang | 1.2.1 | 24.85 | 181.80 | 206.65 | OK | |
r-devel-linux-x86_64-debian-gcc | 1.2.1 | 17.39 | 131.98 | 149.37 | OK | |
r-devel-linux-x86_64-fedora-clang | 1.2.1 | 255.18 | NOTE | |||
r-devel-linux-x86_64-fedora-gcc | 1.2.1 | 226.82 | OK | |||
r-devel-windows-x86_64-new-UL | 1.2.1 | 40.00 | 237.00 | 277.00 | NOTE | |
r-patched-linux-x86_64 | 1.2.1 | 27.68 | 171.30 | 198.98 | OK | |
r-release-linux-x86_64 | 1.2.1 | 18.97 | 159.89 | 178.86 | OK | |
r-release-macos-arm64 | 1.2.1 | NOTE | ||||
r-release-macos-x86_64 | 1.2.1 | NOTE | ||||
r-release-windows-ix86+x86_64 | 1.2.1 | 57.00 | 243.00 | 300.00 | NOTE | |
r-oldrel-macos-x86_64 | 1.2.1 | NOTE | ||||
r-oldrel-windows-ix86+x86_64 | 1.2.1 | 58.00 | 245.00 | 303.00 | NOTE |
Version: 1.2.1
Check: installed package size
Result: NOTE
installed size is 5.1Mb
sub-directories of 1Mb or more:
doc 4.4Mb
Flavors: r-devel-linux-x86_64-fedora-clang, r-devel-windows-x86_64-new-UL, r-release-macos-arm64, r-release-macos-x86_64, r-release-windows-ix86+x86_64, r-oldrel-macos-x86_64, r-oldrel-windows-ix86+x86_64