CRAN Package Check Results for Package qGaussian

Last updated on 2022-04-08 01:48:55 CEST.

Flavor Version Tinstall Tcheck Ttotal Status Flags
r-devel-linux-x86_64-debian-clang 0.1.8 14.82 46.99 61.81 NOTE
r-devel-linux-x86_64-debian-gcc 0.1.8 14.43 35.37 49.80 NOTE
r-devel-linux-x86_64-fedora-clang 0.1.8 85.85 NOTE
r-devel-linux-x86_64-fedora-gcc 0.1.8 67.92 NOTE
r-devel-windows-x86_64-new-UL 0.1.8 24.00 80.00 104.00 NOTE
r-patched-linux-x86_64 0.1.8 14.90 44.81 59.71 NOTE
r-release-linux-x86_64 0.1.8 13.28 44.24 57.52 NOTE
r-release-macos-arm64 0.1.8 NOTE
r-release-macos-x86_64 0.1.8 NOTE
r-release-windows-ix86+x86_64 0.1.8 45.00 79.00 124.00 NOTE
r-oldrel-macos-x86_64 0.1.8 OK
r-oldrel-windows-ix86+x86_64 0.1.8 46.00 80.00 126.00 OK

Check Details

Version: 0.1.8
Check: LazyData
Result: NOTE
     'LazyData' is specified without a 'data' directory
Flavors: r-devel-linux-x86_64-debian-clang, r-devel-linux-x86_64-debian-gcc, r-devel-linux-x86_64-fedora-clang, r-devel-linux-x86_64-fedora-gcc, r-devel-windows-x86_64-new-UL, r-patched-linux-x86_64, r-release-linux-x86_64, r-release-macos-arm64, r-release-macos-x86_64, r-release-windows-ix86+x86_64