Last updated on 2022-04-08 01:48:55 CEST.
Flavor | Version | Tinstall | Tcheck | Ttotal | Status | Flags |
---|---|---|---|---|---|---|
r-devel-linux-x86_64-debian-clang | 7.1-1 | 8.61 | 35.74 | 44.35 | OK | |
r-devel-linux-x86_64-debian-gcc | 7.1-1 | 7.96 | 28.13 | 36.09 | OK | |
r-devel-linux-x86_64-fedora-clang | 7.1-1 | 55.45 | NOTE | |||
r-devel-linux-x86_64-fedora-gcc | 7.1-1 | 43.53 | OK | |||
r-devel-windows-x86_64-new-UL | 7.1-1 | 19.00 | 55.00 | 74.00 | NOTE | |
r-patched-linux-x86_64 | 7.1-1 | 10.34 | 34.36 | 44.70 | OK | |
r-release-linux-x86_64 | 7.1-1 | 7.81 | 34.26 | 42.07 | OK | |
r-release-macos-arm64 | 7.1-1 | NOTE | ||||
r-release-macos-x86_64 | 7.1-1 | NOTE | ||||
r-release-windows-ix86+x86_64 | 7.1-1 | 14.00 | 32.00 | 46.00 | NOTE | |
r-oldrel-macos-x86_64 | 7.1-1 | NOTE | ||||
r-oldrel-windows-ix86+x86_64 | 7.1-1 | 11.00 | 29.00 | 40.00 | NOTE |
Version: 7.1-1
Check: installed package size
Result: NOTE
installed size is 7.3Mb
sub-directories of 1Mb or more:
data 7.2Mb
Flavors: r-devel-linux-x86_64-fedora-clang, r-devel-windows-x86_64-new-UL, r-release-macos-arm64, r-release-macos-x86_64, r-release-windows-ix86+x86_64, r-oldrel-macos-x86_64, r-oldrel-windows-ix86+x86_64