CRAN Package Check Results for Package protViz

Last updated on 2022-04-08 01:48:55 CEST.

Flavor Version Tinstall Tcheck Ttotal Status Flags
r-devel-linux-x86_64-debian-clang 0.7.2 50.96 105.63 156.59 OK
r-devel-linux-x86_64-debian-gcc 0.7.3 42.56 85.16 127.72 OK
r-devel-linux-x86_64-fedora-clang 0.7.3 226.80 NOTE
r-devel-linux-x86_64-fedora-gcc 0.7.3 196.43 OK
r-devel-windows-x86_64-new-UL 0.7.3 82.00 207.00 289.00 OK
r-patched-linux-x86_64 0.7.3 46.98 107.14 154.12 OK
r-release-linux-x86_64 0.7.3 43.52 107.94 151.46 OK
r-release-macos-arm64 0.7.2 NOTE
r-release-macos-x86_64 0.7.3 NOTE
r-release-windows-ix86+x86_64 0.7.2 128.00 177.00 305.00 NOTE
r-oldrel-macos-x86_64 0.6.8 NOTE
r-oldrel-windows-ix86+x86_64 0.6.8 128.00 140.00 268.00 NOTE

Check Details

Version: 0.7.3
Check: installed package size
Result: NOTE
     installed size is 5.8Mb
     sub-directories of 1Mb or more:
     data 2.3Mb
     libs 2.3Mb
Flavors: r-devel-linux-x86_64-fedora-clang, r-release-macos-x86_64

Version: 0.7.3
Check: Rd cross-references
Result: NOTE
    Undeclared package ‘XML’ in Rd xrefs
Flavor: r-devel-linux-x86_64-fedora-clang

Version: 0.7.2
Check: installed package size
Result: NOTE
     installed size is 6.2Mb
     sub-directories of 1Mb or more:
     data 2.1Mb
     libs 3.1Mb
Flavors: r-release-macos-arm64, r-release-windows-ix86+x86_64

Version: 0.6.8
Check: installed package size
Result: NOTE
     installed size is 6.4Mb
     sub-directories of 1Mb or more:
     data 2.1Mb
     libs 3.1Mb
Flavors: r-oldrel-macos-x86_64, r-oldrel-windows-ix86+x86_64