Last updated on 2022-04-08 01:48:54 CEST.
Flavor | Version | Tinstall | Tcheck | Ttotal | Status | Flags |
---|---|---|---|---|---|---|
r-devel-linux-x86_64-debian-clang | 0.1.1 | 3.87 | 60.05 | 63.92 | OK | |
r-devel-linux-x86_64-debian-gcc | 0.1.1 | 3.18 | 45.03 | 48.21 | OK | |
r-devel-linux-x86_64-fedora-clang | 0.1.1 | 79.67 | NOTE | |||
r-devel-linux-x86_64-fedora-gcc | 0.1.1 | 62.73 | NOTE | |||
r-devel-windows-x86_64-new-UL | 0.1.1 | 22.00 | 85.00 | 107.00 | OK | |
r-patched-linux-x86_64 | 0.1.1 | 3.83 | 57.22 | 61.05 | OK | |
r-release-linux-x86_64 | 0.1.1 | 2.43 | 62.80 | 65.23 | OK | |
r-release-macos-arm64 | 0.1.1 | NOTE | ||||
r-release-macos-x86_64 | 0.1.1 | NOTE | ||||
r-release-windows-ix86+x86_64 | 0.1.1 | 10.00 | 86.00 | 96.00 | OK | |
r-oldrel-macos-x86_64 | 0.1.1 | NOTE | ||||
r-oldrel-windows-ix86+x86_64 | 0.1.1 | 10.00 | 87.00 | 97.00 | OK |
Version: 0.1.1
Check: dependencies in R code
Result: NOTE
Namespace in Imports field not imported from: ‘badger’
All declared Imports should be used.
Flavors: r-devel-linux-x86_64-fedora-clang, r-devel-linux-x86_64-fedora-gcc, r-release-macos-arm64, r-release-macos-x86_64, r-oldrel-macos-x86_64