CRAN Package Check Results for Package ppmlasso

Last updated on 2022-04-08 01:48:54 CEST.

Flavor Version Tinstall Tcheck Ttotal Status Flags
r-devel-linux-x86_64-debian-gcc 1.2 11.15 124.16 135.31 OK
r-devel-linux-x86_64-fedora-clang 1.2 228.68 OK
r-devel-linux-x86_64-fedora-gcc 1.2 207.39 OK
r-devel-windows-x86_64-new-UL 1.2 52.00 208.00 260.00 OK
r-patched-linux-x86_64 1.2 12.07 161.28 173.35 OK
r-release-linux-x86_64 1.2 10.00 153.05 163.05 OK
r-release-macos-arm64 1.1 NOTE
r-release-macos-x86_64 1.2 OK
r-oldrel-macos-x86_64 1.2 OK

Check Details

Version: 1.1
Check: R code for possible problems
Result: NOTE
    env.var: no visible global function definition for ‘flush.console’
    findres: no visible global function definition for ‘as.formula’
    findres: no visible global function definition for ‘glm’
    findres: no visible global function definition for ‘poisson’
    point.interactions: no visible global function definition for
     ‘flush.console’
    ppm.ss: no visible global function definition for ‘as.formula’
    ppm.ss: no visible global function definition for ‘terms’
    ppm.ss: no visible global function definition for ‘glm’
    ppm.ss: no visible global function definition for ‘poisson’
    ppm.ss: no visible global function definition for ‘quasi’
    ppmlasso: no visible global function definition for ‘as.formula’
    ppmlasso: no visible global function definition for ‘model.frame’
    ppmlasso: no visible global function definition for ‘is.empty.model’
    ppmlasso: no visible global function definition for ‘model.matrix’
    ppmlasso: no visible binding for global variable ‘contrasts’
    ppmlasso: no visible global function definition for ‘poisson’
    ppmlasso: no visible global function definition for ‘glm’
    ppmlasso: no visible global function definition for ‘flush.console’
    predict.ppmlasso: no visible global function definition for
     ‘as.formula’
    predict.ppmlasso: no visible binding for global variable ‘var’
    predict.ppmlasso: no visible global function definition for ‘rnorm’
    predict.ppmlasso: no visible global function definition for
     ‘model.frame’
    predict.ppmlasso: no visible global function definition for
     ‘is.empty.model’
    predict.ppmlasso: no visible global function definition for
     ‘model.matrix’
    predict.ppmlasso: no visible binding for global variable ‘contrasts’
    predict.ppmlasso: no visible global function definition for ‘sd’
    score.int: no visible global function definition for ‘glm’
    single.lasso: no visible global function definition for ‘flush.console’
    standardise.X: no visible binding for global variable ‘sd’
    predict,ppmlasso: no visible global function definition for
     ‘as.formula’
    predict,ppmlasso: no visible binding for global variable ‘var’
    predict,ppmlasso: no visible global function definition for ‘rnorm’
    predict,ppmlasso: no visible global function definition for
     ‘model.frame’
    predict,ppmlasso: no visible global function definition for
     ‘is.empty.model’
    predict,ppmlasso: no visible global function definition for
     ‘model.matrix’
    predict,ppmlasso: no visible binding for global variable ‘contrasts’
    predict,ppmlasso: no visible global function definition for ‘sd’
    Undefined global functions or variables:
     as.formula contrasts flush.console glm is.empty.model model.frame
     model.matrix poisson quasi rnorm sd terms var
    Consider adding
     importFrom("stats", "as.formula", "contrasts", "glm", "is.empty.model",
     "model.frame", "model.matrix", "poisson", "quasi", "rnorm",
     "sd", "terms", "var")
     importFrom("utils", "flush.console")
    to your NAMESPACE file.
Flavor: r-release-macos-arm64