CRAN Package Check Results for Package polyclip

Last updated on 2022-04-08 01:48:54 CEST.

Flavor Version Tinstall Tcheck Ttotal Status Flags
r-devel-linux-x86_64-debian-clang 1.10-0 13.82 35.44 49.26 NOTE
r-devel-linux-x86_64-debian-gcc 1.10-0 10.82 26.99 37.81 NOTE
r-devel-linux-x86_64-fedora-clang 1.10-0 66.85 NOTE
r-devel-linux-x86_64-fedora-gcc 1.10-0 48.02 NOTE
r-devel-windows-x86_64-new-UL 1.10-0 28.00 65.00 93.00 NOTE
r-patched-linux-x86_64 1.10-0 12.55 33.94 46.49 NOTE
r-release-linux-x86_64 1.10-0 10.00 32.68 42.68 NOTE
r-release-macos-arm64 1.10-0 NOTE
r-release-macos-x86_64 1.10-0 NOTE
r-release-windows-ix86+x86_64 1.10-0 29.00 44.00 73.00 NOTE
r-oldrel-macos-x86_64 1.10-0 OK
r-oldrel-windows-ix86+x86_64 1.10-0 25.00 44.00 69.00 OK

Check Details

Version: 1.10-0
Check: LazyData
Result: NOTE
     'LazyData' is specified without a 'data' directory
Flavors: r-devel-linux-x86_64-debian-clang, r-devel-linux-x86_64-debian-gcc, r-devel-linux-x86_64-fedora-clang, r-devel-linux-x86_64-fedora-gcc, r-devel-windows-x86_64-new-UL, r-patched-linux-x86_64, r-release-linux-x86_64, r-release-macos-arm64, r-release-macos-x86_64, r-release-windows-ix86+x86_64