Last updated on 2022-04-08 01:48:54 CEST.
Flavor | Version | Tinstall | Tcheck | Ttotal | Status | Flags |
---|---|---|---|---|---|---|
r-devel-linux-x86_64-debian-clang | 1.6 | 88.01 | 155.58 | 243.59 | OK | |
r-devel-linux-x86_64-debian-gcc | 1.6 | 70.05 | 115.05 | 185.10 | OK | |
r-devel-linux-x86_64-fedora-clang | 1.6 | 355.12 | NOTE | |||
r-devel-linux-x86_64-fedora-gcc | 1.6 | 308.30 | OK | |||
r-devel-windows-x86_64-new-UL | 1.6 | 134.00 | 203.00 | 337.00 | NOTE | |
r-patched-linux-x86_64 | 1.6 | 81.06 | 147.02 | 228.08 | OK | |
r-release-linux-x86_64 | 1.6 | 80.35 | 144.16 | 224.51 | OK | |
r-release-macos-arm64 | 1.6 | NOTE | ||||
r-release-macos-x86_64 | 1.6 | NOTE | ||||
r-release-windows-ix86+x86_64 | 1.6 | 206.00 | 212.00 | 418.00 | NOTE | |
r-oldrel-macos-x86_64 | 1.6 | NOTE | ||||
r-oldrel-windows-ix86+x86_64 | 1.6 | 206.00 | 216.00 | 422.00 | NOTE |
Version: 1.6
Check: installed package size
Result: NOTE
installed size is 6.9Mb
sub-directories of 1Mb or more:
extdata 2.8Mb
libs 2.6Mb
Flavors: r-devel-linux-x86_64-fedora-clang, r-devel-windows-x86_64-new-UL, r-release-macos-arm64, r-release-macos-x86_64, r-release-windows-ix86+x86_64, r-oldrel-macos-x86_64, r-oldrel-windows-ix86+x86_64
Version: 1.6
Check: Rd cross-references
Result: NOTE
Undeclared packages ‘polymapR’, ‘BSgenome’ in Rd xrefs
Flavor: r-devel-linux-x86_64-fedora-clang