CRAN Package Check Results for Package pmd

Last updated on 2022-04-08 01:48:54 CEST.

Flavor Version Tinstall Tcheck Ttotal Status Flags
r-devel-linux-x86_64-debian-clang 0.2.1 6.49 166.65 173.14 OK
r-devel-linux-x86_64-debian-gcc 0.2.1 5.14 123.19 128.33 OK
r-devel-linux-x86_64-fedora-clang 0.2.1 215.35 NOTE
r-devel-linux-x86_64-fedora-gcc 0.2.1 195.08 NOTE
r-devel-windows-x86_64-new-UL 0.2.1 21.00 196.00 217.00 OK
r-patched-linux-x86_64 0.2.1 6.70 162.52 169.22 OK
r-release-linux-x86_64 0.2.1 7.08 160.94 168.02 OK
r-release-macos-arm64 0.2.1 NOTE
r-release-macos-x86_64 0.2.1 NOTE
r-release-windows-ix86+x86_64 0.2.1 12.00 183.00 195.00 OK
r-oldrel-macos-x86_64 0.2.1 ERROR
r-oldrel-windows-ix86+x86_64 0.2.1 12.00 186.00 198.00 OK

Check Details

Version: 0.2.1
Check: data for non-ASCII characters
Result: NOTE
     Note: found 62 marked UTF-8 strings
Flavors: r-devel-linux-x86_64-fedora-clang, r-devel-linux-x86_64-fedora-gcc, r-release-macos-arm64, r-release-macos-x86_64

Version: 0.2.1
Check: package dependencies
Result: ERROR
    Package required but not available: ‘enviGCMS’
    
    See section ‘The DESCRIPTION file’ in the ‘Writing R Extensions’
    manual.
Flavor: r-oldrel-macos-x86_64