Last updated on 2022-04-08 01:48:54 CEST.
Flavor | Version | Tinstall | Tcheck | Ttotal | Status | Flags |
---|---|---|---|---|---|---|
r-devel-linux-x86_64-debian-clang | 1.3.0 | 37.61 | 276.47 | 314.08 | NOTE | |
r-devel-linux-x86_64-debian-gcc | 1.3.0 | 28.07 | 197.58 | 225.65 | NOTE | |
r-devel-linux-x86_64-fedora-clang | 1.3.0 | 388.45 | NOTE | |||
r-devel-linux-x86_64-fedora-gcc | 1.3.0 | 378.53 | NOTE | |||
r-devel-windows-x86_64-new-UL | 1.3.0 | 70.00 | 272.00 | 342.00 | OK | |
r-patched-linux-x86_64 | 1.3.0 | 38.04 | 252.50 | 290.54 | OK | |
r-release-linux-x86_64 | 1.3.0 | 31.54 | 244.51 | 276.05 | OK | |
r-release-macos-arm64 | 1.3.0 | OK | ||||
r-release-macos-x86_64 | 1.3.0 | OK | ||||
r-release-windows-ix86+x86_64 | 1.3.0 | 64.00 | 272.00 | 336.00 | OK | |
r-oldrel-macos-x86_64 | 1.3.0 | OK | ||||
r-oldrel-windows-ix86+x86_64 | 1.3.0 | 63.00 | 272.00 | 335.00 | OK |
Version: 1.3.0
Check: Rd files
Result: NOTE
checkRd: (7) file 'cv.plsR.Rd': \item in \describe must have non-empty label
checkRd: (7) file 'cv.plsRglm.Rd': \item in \describe must have non-empty label
Flavors: r-devel-linux-x86_64-debian-clang, r-devel-linux-x86_64-debian-gcc, r-devel-linux-x86_64-fedora-clang, r-devel-linux-x86_64-fedora-gcc