CRAN Package Check Results for Package pkgconfig

Last updated on 2022-04-08 01:48:54 CEST.

Flavor Version Tinstall Tcheck Ttotal Status Flags
r-devel-linux-x86_64-debian-clang 2.0.3 1.33 33.76 35.09 NOTE
r-devel-linux-x86_64-debian-gcc 2.0.3 1.41 26.10 27.51 NOTE
r-devel-linux-x86_64-fedora-clang 2.0.3 45.67 NOTE
r-devel-linux-x86_64-fedora-gcc 2.0.3 31.41 NOTE
r-devel-windows-x86_64-new-UL 2.0.3 23.00 59.00 82.00 NOTE
r-patched-linux-x86_64 2.0.3 1.28 32.30 33.58 NOTE
r-release-linux-x86_64 2.0.3 1.11 31.41 32.52 NOTE
r-release-macos-arm64 2.0.3 NOTE
r-release-macos-x86_64 2.0.3 NOTE
r-release-windows-ix86+x86_64 2.0.3 6.00 42.00 48.00 NOTE
r-oldrel-macos-x86_64 2.0.3 OK
r-oldrel-windows-ix86+x86_64 2.0.3 5.00 42.00 47.00 OK

Check Details

Version: 2.0.3
Check: LazyData
Result: NOTE
     'LazyData' is specified without a 'data' directory
Flavors: r-devel-linux-x86_64-debian-clang, r-devel-linux-x86_64-debian-gcc, r-devel-linux-x86_64-fedora-clang, r-devel-linux-x86_64-fedora-gcc, r-devel-windows-x86_64-new-UL, r-patched-linux-x86_64, r-release-linux-x86_64, r-release-macos-arm64, r-release-macos-x86_64, r-release-windows-ix86+x86_64