Last updated on 2022-04-08 01:48:54 CEST.
Flavor | Version | Tinstall | Tcheck | Ttotal | Status | Flags |
---|---|---|---|---|---|---|
r-devel-linux-x86_64-debian-clang | 1.0-1 | 46.72 | 315.52 | 362.24 | OK | |
r-devel-linux-x86_64-debian-gcc | 1.0-3 | 39.19 | 228.85 | 268.04 | OK | |
r-devel-linux-x86_64-fedora-clang | 1.0-3 | 466.28 | OK | |||
r-devel-linux-x86_64-fedora-gcc | 1.0-3 | 444.73 | OK | |||
r-devel-windows-x86_64-new-UL | 1.0-3 | 122.00 | 258.00 | 380.00 | OK | |
r-patched-linux-x86_64 | 1.0-1 | 52.65 | 300.45 | 353.10 | OK | |
r-release-linux-x86_64 | 1.0-3 | 41.63 | 289.45 | 331.08 | OK | |
r-release-macos-arm64 | 1.0-1 | OK | ||||
r-release-macos-x86_64 | 1.0-3 | OK | ||||
r-release-windows-ix86+x86_64 | 1.0-1 | 78.00 | 314.00 | 392.00 | OK | |
r-oldrel-macos-x86_64 | 1.0-3 | OK | ||||
r-oldrel-windows-ix86+x86_64 | 1.0-1 | 4.00 | 7.00 | 11.00 | ERROR |
Version: 1.0-1
Check: whether package can be installed
Result: ERROR
Installation failed.
Flavor: r-oldrel-windows-ix86+x86_64