CRAN Package Check Results for Package phyloseqGraphTest

Last updated on 2022-04-08 01:48:54 CEST.

Flavor Version Tinstall Tcheck Ttotal Status Flags
r-devel-linux-x86_64-debian-clang 0.1.0 33.36 294.70 328.06 NOTE
r-devel-linux-x86_64-debian-gcc 0.1.0 23.63 217.77 241.40 NOTE
r-devel-linux-x86_64-fedora-clang 0.1.0 408.20 NOTE
r-devel-linux-x86_64-fedora-gcc 0.1.0 362.84 NOTE
r-devel-windows-x86_64-new-UL 0.1.0 47.00 271.00 318.00 NOTE
r-patched-linux-x86_64 0.1.0 26.81 277.78 304.59 NOTE
r-release-linux-x86_64 0.1.0 24.34 255.74 280.08 NOTE
r-release-macos-arm64 0.1.0 NOTE
r-release-macos-x86_64 0.1.0 NOTE
r-release-windows-ix86+x86_64 0.1.0 63.00 269.00 332.00 NOTE
r-oldrel-macos-x86_64 0.1.0 NOTE
r-oldrel-windows-ix86+x86_64 0.1.0 60.00 255.00 315.00 OK

Check Details

Version: 0.1.0
Check: LazyData
Result: NOTE
     'LazyData' is specified without a 'data' directory
Flavors: r-devel-linux-x86_64-debian-clang, r-devel-linux-x86_64-debian-gcc, r-devel-linux-x86_64-fedora-clang, r-devel-linux-x86_64-fedora-gcc, r-devel-windows-x86_64-new-UL, r-patched-linux-x86_64, r-release-linux-x86_64, r-release-macos-arm64, r-release-macos-x86_64, r-release-windows-ix86+x86_64

Version: 0.1.0
Check: dependencies in R code
Result: NOTE
    Namespace in Imports field not imported from: ‘intergraph’
     All declared Imports should be used.
Flavors: r-devel-linux-x86_64-fedora-clang, r-devel-linux-x86_64-fedora-gcc, r-release-macos-arm64, r-release-macos-x86_64, r-oldrel-macos-x86_64