Last updated on 2022-04-08 01:48:54 CEST.
Flavor | Version | Tinstall | Tcheck | Ttotal | Status | Flags |
---|---|---|---|---|---|---|
r-devel-linux-x86_64-debian-clang | 2.6.2 | 10.80 | 78.48 | 89.28 | OK | |
r-devel-linux-x86_64-debian-gcc | 2.6.2 | 6.57 | 58.53 | 65.10 | OK | |
r-devel-linux-x86_64-fedora-clang | 2.6.2 | 110.47 | NOTE | |||
r-devel-linux-x86_64-fedora-gcc | 2.6.2 | 91.00 | OK | |||
r-devel-windows-x86_64-new-UL | 2.6.2 | 31.00 | 104.00 | 135.00 | OK | |
r-patched-linux-x86_64 | 2.6.2 | 9.84 | 74.34 | 84.18 | OK | |
r-release-linux-x86_64 | 2.6.2 | 7.15 | 72.47 | 79.62 | OK | |
r-release-macos-arm64 | 2.6.2 | OK | ||||
r-release-macos-x86_64 | 2.6.2 | OK | ||||
r-release-windows-ix86+x86_64 | 2.6.2 | 20.00 | 113.00 | 133.00 | OK | |
r-oldrel-macos-x86_64 | 2.6.2 | OK | ||||
r-oldrel-windows-ix86+x86_64 | 2.6.2 | 21.00 | 111.00 | 132.00 | OK |
Version: 2.6.2
Check: Rd cross-references
Result: NOTE
Undeclared packages ‘future’, ‘geiger’, ‘caper’ in Rd xrefs
Flavor: r-devel-linux-x86_64-fedora-clang