Last updated on 2022-04-08 01:48:54 CEST.
Flavor | Version | Tinstall | Tcheck | Ttotal | Status | Flags |
---|---|---|---|---|---|---|
r-devel-linux-x86_64-debian-clang | 0.1.1 | 2.14 | 40.10 | 42.24 | NOTE | |
r-devel-linux-x86_64-debian-gcc | 0.1.1 | 2.22 | 31.00 | 33.22 | NOTE | |
r-devel-linux-x86_64-fedora-clang | 0.1.1 | 55.34 | NOTE | |||
r-devel-linux-x86_64-fedora-gcc | 0.1.1 | 40.97 | NOTE | |||
r-devel-windows-x86_64-new-UL | 0.1.1 | 14.00 | 60.00 | 74.00 | NOTE | |
r-patched-linux-x86_64 | 0.1.1 | 2.95 | 38.70 | 41.65 | NOTE | |
r-release-linux-x86_64 | 0.1.1 | 2.88 | 38.17 | 41.05 | NOTE | |
r-release-macos-arm64 | 0.1.1 | NOTE | ||||
r-release-macos-x86_64 | 0.1.1 | NOTE | ||||
r-release-windows-ix86+x86_64 | 0.1.1 | 5.00 | 48.00 | 53.00 | NOTE | |
r-oldrel-macos-x86_64 | 0.1.1 | OK | ||||
r-oldrel-windows-ix86+x86_64 | 0.1.1 | 6.00 | 47.00 | 53.00 | OK |
Version: 0.1.1
Check: LazyData
Result: NOTE
'LazyData' is specified without a 'data' directory
Flavors: r-devel-linux-x86_64-debian-clang, r-devel-linux-x86_64-debian-gcc, r-devel-linux-x86_64-fedora-clang, r-devel-linux-x86_64-fedora-gcc, r-devel-windows-x86_64-new-UL, r-patched-linux-x86_64, r-release-linux-x86_64, r-release-macos-arm64, r-release-macos-x86_64, r-release-windows-ix86+x86_64