Last updated on 2022-04-08 01:48:54 CEST.
Flavor | Version | Tinstall | Tcheck | Ttotal | Status | Flags |
---|---|---|---|---|---|---|
r-devel-linux-x86_64-debian-clang | 1.0.1 | 1.67 | 32.53 | 34.20 | NOTE | |
r-devel-linux-x86_64-debian-gcc | 1.0.1 | 1.29 | 26.10 | 27.39 | NOTE | |
r-devel-linux-x86_64-fedora-clang | 1.0.1 | 45.75 | NOTE | |||
r-devel-linux-x86_64-fedora-gcc | 1.0.1 | 31.62 | NOTE | |||
r-devel-windows-x86_64-new-UL | 1.0.1 | 9.00 | 52.00 | 61.00 | NOTE | |
r-patched-linux-x86_64 | 1.0.1 | 2.43 | 32.77 | 35.20 | NOTE | |
r-release-linux-x86_64 | 1.0.1 | 1.97 | 31.53 | 33.50 | NOTE | |
r-release-macos-arm64 | 1.0.1 | NOTE | ||||
r-release-macos-x86_64 | 1.0.1 | NOTE | ||||
r-release-windows-ix86+x86_64 | 1.0.1 | 6.00 | 40.00 | 46.00 | NOTE | |
r-oldrel-macos-x86_64 | 1.0.1 | OK | ||||
r-oldrel-windows-ix86+x86_64 | 1.0.1 | 6.00 | 41.00 | 47.00 | OK |
Version: 1.0.1
Check: LazyData
Result: NOTE
'LazyData' is specified without a 'data' directory
Flavors: r-devel-linux-x86_64-debian-clang, r-devel-linux-x86_64-debian-gcc, r-devel-linux-x86_64-fedora-clang, r-devel-linux-x86_64-fedora-gcc, r-devel-windows-x86_64-new-UL, r-patched-linux-x86_64, r-release-linux-x86_64, r-release-macos-arm64, r-release-macos-x86_64, r-release-windows-ix86+x86_64