Last updated on 2022-04-08 01:48:54 CEST.
Flavor | Version | Tinstall | Tcheck | Ttotal | Status | Flags |
---|---|---|---|---|---|---|
r-devel-linux-x86_64-debian-clang | 1.6 | 5.13 | 59.85 | 64.98 | NOTE | |
r-devel-linux-x86_64-debian-gcc | 1.6 | 5.90 | 45.68 | 51.58 | NOTE | |
r-devel-linux-x86_64-fedora-clang | 1.6 | 85.99 | NOTE | |||
r-devel-linux-x86_64-fedora-gcc | 1.6 | 69.59 | NOTE | |||
r-devel-windows-x86_64-new-UL | 1.6 | 24.00 | 75.00 | 99.00 | OK | |
r-patched-linux-x86_64 | 1.6 | 8.04 | 57.99 | 66.03 | NOTE | |
r-release-linux-x86_64 | 1.6 | 7.61 | 57.05 | 64.66 | NOTE | |
r-release-macos-arm64 | 1.6 | OK | ||||
r-release-macos-x86_64 | 1.6 | OK | ||||
r-release-windows-ix86+x86_64 | 1.6 | 12.00 | 67.00 | 79.00 | OK | |
r-oldrel-macos-x86_64 | 1.6 | OK | ||||
r-oldrel-windows-ix86+x86_64 | 1.6 | 13.00 | 65.00 | 78.00 | OK |
Version: 1.6
Check: for non-standard things in the check directory
Result: NOTE
Found the following files/directories:
'PARMA21del1_ident'
Flavors: r-devel-linux-x86_64-debian-clang, r-devel-linux-x86_64-debian-gcc, r-devel-linux-x86_64-fedora-clang, r-devel-linux-x86_64-fedora-gcc, r-patched-linux-x86_64, r-release-linux-x86_64