CRAN Package Check Results for Package pencal

Last updated on 2022-04-08 01:48:54 CEST.

Flavor Version Tinstall Tcheck Ttotal Status Flags
r-devel-linux-x86_64-debian-clang 1.1.0 15.26 168.01 183.27 OK
r-devel-linux-x86_64-debian-gcc 1.1.0 12.52 126.24 138.76 OK
r-devel-linux-x86_64-fedora-clang 1.1.0 234.39 OK
r-devel-linux-x86_64-fedora-gcc 1.1.0 213.00 OK
r-devel-windows-x86_64-new-UL 1.1.0 26.00 300.00 326.00 OK
r-patched-linux-x86_64 1.1.0 16.97 156.02 172.99 OK
r-release-linux-x86_64 1.1.0 13.41 140.14 153.55 OK
r-release-macos-arm64 1.1.0 ERROR
r-release-macos-x86_64 1.1.0 ERROR
r-release-windows-ix86+x86_64 1.1.0 30.00 268.00 298.00 OK
r-oldrel-macos-x86_64 1.1.0 ERROR
r-oldrel-windows-ix86+x86_64 1.1.0 30.00 272.00 302.00 OK

Check Details

Version: 1.1.0
Check: package dependencies
Result: NOTE
    Package suggested but not available for checking: ‘ptmixed’
Flavors: r-release-macos-arm64, r-release-macos-x86_64, r-oldrel-macos-x86_64

Version: 1.1.0
Check: examples
Result: ERROR
    Running examples in ‘pencal-Ex.R’ failed
    The error most likely occurred in:
    
    > ### Name: simulate_prclmm_data
    > ### Title: Simulate data that can be used to fit the PRC-LMM model
    > ### Aliases: simulate_prclmm_data
    >
    > ### ** Examples
    >
    > # generate example data
    > simdata = simulate_prclmm_data(n = 20, p = 10,
    + p.relev = 4, seed = 1)
    > # view the longitudinal markers:
    > library(ptmixed)
    Error in library(ptmixed) : there is no package called ‘ptmixed’
    Execution halted
Flavors: r-release-macos-arm64, r-release-macos-x86_64, r-oldrel-macos-x86_64

Version: 1.1.0
Check: re-building of vignette outputs
Result: WARN
    Error(s) in re-building vignettes:
     ...
    --- re-building ‘pencal-vignette.Rmd’ using rmarkdown
    Quitting from lines 156-165 (pencal-vignette.Rmd)
    Error: processing vignette 'pencal-vignette.Rmd' failed with diagnostics:
    there is no package called 'ptmixed'
    --- failed re-building ‘pencal-vignette.Rmd’
    
    SUMMARY: processing the following file failed:
     ‘pencal-vignette.Rmd’
    
    Error: Vignette re-building failed.
    Execution halted
Flavor: r-release-macos-arm64

Version: 1.1.0
Check: re-building of vignette outputs
Result: WARN
    Error(s) in re-building vignettes:
     ...
    --- re-building ‘pencal-vignette.Rmd’ using rmarkdown
    Pandoc is required to build R Markdown vignettes but not available. Please make sure it is installed.
    Quitting from lines 156-165 (pencal-vignette.Rmd)
    Error: processing vignette 'pencal-vignette.Rmd' failed with diagnostics:
    there is no package called 'ptmixed'
    --- failed re-building ‘pencal-vignette.Rmd’
    
    SUMMARY: processing the following file failed:
     ‘pencal-vignette.Rmd’
    
    Error: Vignette re-building failed.
    Execution halted
Flavors: r-release-macos-x86_64, r-oldrel-macos-x86_64