Last updated on 2022-04-08 01:48:54 CEST.
Flavor | Version | Tinstall | Tcheck | Ttotal | Status | Flags |
---|---|---|---|---|---|---|
r-devel-linux-x86_64-debian-clang | 1.7 | 12.51 | 129.48 | 141.99 | OK | |
r-devel-linux-x86_64-debian-gcc | 1.7 | 9.73 | 95.23 | 104.96 | OK | |
r-devel-linux-x86_64-fedora-clang | 1.7 | 170.85 | NOTE | |||
r-devel-linux-x86_64-fedora-gcc | 1.7 | 152.93 | NOTE | |||
r-devel-windows-x86_64-new-UL | 1.7 | 23.00 | 130.00 | 153.00 | OK | |
r-patched-linux-x86_64 | 1.7 | 10.93 | 123.52 | 134.45 | OK | |
r-release-linux-x86_64 | 1.7 | 11.46 | 116.16 | 127.62 | OK | |
r-release-macos-arm64 | 1.7 | NOTE | ||||
r-release-macos-x86_64 | 1.7 | NOTE | ||||
r-release-windows-ix86+x86_64 | 1.7 | 28.00 | 122.00 | 150.00 | OK | |
r-oldrel-macos-x86_64 | 1.7 | NOTE | ||||
r-oldrel-windows-ix86+x86_64 | 1.7 | 29.00 | 121.00 | 150.00 | OK |
Version: 1.7
Check: dependencies in R code
Result: NOTE
Namespaces in Imports field not imported from:
‘car’ ‘sandwich’
All declared Imports should be used.
Flavors: r-devel-linux-x86_64-fedora-clang, r-devel-linux-x86_64-fedora-gcc, r-release-macos-arm64, r-release-macos-x86_64, r-oldrel-macos-x86_64