Last updated on 2022-04-08 01:48:54 CEST.
Flavor | Version | Tinstall | Tcheck | Ttotal | Status | Flags |
---|---|---|---|---|---|---|
r-devel-linux-x86_64-debian-clang | 4.3.3 | 92.37 | 72.43 | 164.80 | NOTE | |
r-devel-linux-x86_64-debian-gcc | 4.3.3 | 73.39 | 53.81 | 127.20 | NOTE | |
r-devel-linux-x86_64-fedora-clang | 4.3.3 | 240.02 | NOTE | |||
r-devel-linux-x86_64-fedora-gcc | 4.3.3 | 195.74 | NOTE | |||
r-devel-windows-x86_64-new-UL | 4.3.3 | 133.00 | 110.00 | 243.00 | NOTE | |
r-patched-linux-x86_64 | 4.3.3 | 87.10 | 66.60 | 153.70 | NOTE | |
r-release-linux-x86_64 | 4.3.3 | 79.88 | 64.75 | 144.63 | NOTE | |
r-release-macos-arm64 | 4.3.3 | NOTE | ||||
r-release-macos-x86_64 | 4.3.3 | NOTE | ||||
r-release-windows-ix86+x86_64 | 4.3.3 | 263.00 | 110.00 | 373.00 | NOTE | |
r-oldrel-macos-x86_64 | 4.3.3 | NOTE | ||||
r-oldrel-windows-ix86+x86_64 | 4.3.3 | 264.00 | 112.00 | 376.00 | NOTE |
Version: 4.3.3
Check: LazyData
Result: NOTE
'LazyData' is specified without a 'data' directory
Flavors: r-devel-linux-x86_64-debian-clang, r-devel-linux-x86_64-debian-gcc, r-devel-linux-x86_64-fedora-clang, r-devel-linux-x86_64-fedora-gcc, r-devel-windows-x86_64-new-UL, r-patched-linux-x86_64, r-release-linux-x86_64, r-release-macos-arm64, r-release-macos-x86_64, r-release-windows-ix86+x86_64
Version: 4.3.3
Check: installed package size
Result: NOTE
installed size is 5.7Mb
sub-directories of 1Mb or more:
extdata 2.7Mb
libs 2.2Mb
Flavors: r-devel-linux-x86_64-fedora-clang, r-release-macos-arm64, r-release-macos-x86_64, r-release-windows-ix86+x86_64, r-oldrel-macos-x86_64, r-oldrel-windows-ix86+x86_64
Version: 4.3.3
Check: package dependencies
Result: NOTE
Package suggested but not available for checking: ‘vcfR’
Flavor: r-oldrel-macos-x86_64