CRAN Package Check Results for Package pbkrtest

Last updated on 2022-04-08 01:48:54 CEST.

Flavor Version Tinstall Tcheck Ttotal Status Flags
r-devel-linux-x86_64-debian-clang 0.5.1 15.04 216.45 231.49 OK
r-devel-linux-x86_64-debian-gcc 0.5.1 12.14 158.45 170.59 OK
r-devel-linux-x86_64-fedora-clang 0.5.1 268.52 NOTE
r-devel-linux-x86_64-fedora-gcc 0.5.1 250.69 NOTE
r-devel-windows-x86_64-new-UL 0.5.1 46.00 227.00 273.00 OK
r-patched-linux-x86_64 0.5.1 23.84 202.70 226.54 OK
r-release-linux-x86_64 0.5.1 11.50 188.67 200.17 OK
r-release-macos-arm64 0.5.1 NOTE
r-release-macos-x86_64 0.5.1 NOTE
r-release-windows-ix86+x86_64 0.5.1 29.00 216.00 245.00 OK
r-oldrel-macos-x86_64 0.5.1 NOTE
r-oldrel-windows-ix86+x86_64 0.5.1 30.00 220.00 250.00 OK

Check Details

Version: 0.5.1
Check: dependencies in R code
Result: NOTE
    Namespace in Imports field not imported from: ‘knitr’
     All declared Imports should be used.
Flavors: r-devel-linux-x86_64-fedora-clang, r-devel-linux-x86_64-fedora-gcc, r-release-macos-arm64, r-release-macos-x86_64, r-oldrel-macos-x86_64