CRAN Package Check Results for Package paramlink

Last updated on 2022-04-08 01:48:53 CEST.

Flavor Version Tinstall Tcheck Ttotal Status Flags
r-devel-linux-x86_64-debian-clang 1.1-4 17.16 132.73 149.89 NOTE
r-devel-linux-x86_64-debian-gcc 1.1-4 14.91 98.42 113.33 NOTE
r-devel-linux-x86_64-fedora-clang 1.1-4 183.48 NOTE
r-devel-linux-x86_64-fedora-gcc 1.1-4 164.01 NOTE
r-devel-windows-x86_64-new-UL 1.1-4 101.00 140.00 241.00 OK
r-patched-linux-x86_64 1.1-4 18.23 127.99 146.22 NOTE
r-release-linux-x86_64 1.1-4 15.05 122.63 137.68 NOTE
r-release-macos-arm64 1.1-4 OK
r-release-macos-x86_64 1.1-4 OK
r-release-windows-ix86+x86_64 1.1-4 30.00 131.00 161.00 OK
r-oldrel-macos-x86_64 1.1-4 OK
r-oldrel-windows-ix86+x86_64 1.1-4 30.00 131.00 161.00 OK

Check Details

Version: 1.1-4
Check: package dependencies
Result: NOTE
    Package suggested but not available for checking: 'identity'
Flavors: r-devel-linux-x86_64-debian-clang, r-devel-linux-x86_64-debian-gcc, r-devel-linux-x86_64-fedora-clang, r-devel-linux-x86_64-fedora-gcc, r-patched-linux-x86_64, r-release-linux-x86_64

Version: 1.1-4
Check: Rd cross-references
Result: NOTE
    Unknown package 'identity' in Rd xrefs
Flavors: r-devel-linux-x86_64-debian-clang, r-devel-linux-x86_64-debian-gcc, r-devel-linux-x86_64-fedora-clang, r-devel-linux-x86_64-fedora-gcc, r-patched-linux-x86_64, r-release-linux-x86_64