Last updated on 2022-04-08 01:48:53 CEST.
Flavor | Version | Tinstall | Tcheck | Ttotal | Status | Flags |
---|---|---|---|---|---|---|
r-devel-linux-x86_64-debian-clang | 1.56.1 | 10.12 | 91.17 | 101.29 | OK | |
r-devel-linux-x86_64-debian-gcc | 1.56.1 | 8.28 | 69.30 | 77.58 | OK | |
r-devel-linux-x86_64-fedora-clang | 1.56.1 | 122.68 | NOTE | |||
r-devel-linux-x86_64-fedora-gcc | 1.56.1 | 108.71 | NOTE | |||
r-devel-windows-x86_64-new-UL | 1.56.1 | 33.00 | 106.00 | 139.00 | OK | |
r-patched-linux-x86_64 | 1.56.1 | 12.44 | 88.31 | 100.75 | OK | |
r-release-linux-x86_64 | 1.56.1 | 10.99 | 86.13 | 97.12 | OK | |
r-release-macos-arm64 | 1.56.1 | OK | ||||
r-release-macos-x86_64 | 1.56.1 | OK | ||||
r-release-windows-ix86+x86_64 | 1.56.1 | 20.00 | 133.00 | 153.00 | OK | |
r-oldrel-macos-x86_64 | 1.56.1 | OK | ||||
r-oldrel-windows-ix86+x86_64 | 1.56.1 | 22.00 | 139.00 | 161.00 | OK |
Version: 1.56.1
Check: compiled code
Result: NOTE
File ‘pamr/libs/pamr.so’:
Found no calls to: ‘R_registerRoutines’, ‘R_useDynamicSymbols’
It is good practice to register native routines and to disable symbol
search.
See ‘Writing portable packages’ in the ‘Writing R Extensions’ manual.
Flavors: r-devel-linux-x86_64-fedora-clang, r-devel-linux-x86_64-fedora-gcc