Last updated on 2022-04-08 01:48:53 CEST.
Flavor | Version | Tinstall | Tcheck | Ttotal | Status | Flags |
---|---|---|---|---|---|---|
r-devel-linux-x86_64-debian-clang | 3.3.25 | 24.61 | 450.73 | 475.34 | OK | |
r-devel-linux-x86_64-debian-gcc | 3.3.25 | 22.27 | 308.90 | 331.17 | OK | |
r-devel-linux-x86_64-fedora-clang | 3.3.25 | 548.19 | NOTE | |||
r-devel-linux-x86_64-fedora-gcc | 3.3.25 | 561.34 | NOTE | |||
r-devel-windows-x86_64-new-UL | 3.3.25 | 123.00 | 412.00 | 535.00 | OK | |
r-patched-linux-x86_64 | 3.3.25 | 30.53 | 425.75 | 456.28 | OK | |
r-release-linux-x86_64 | 3.3.25 | 23.37 | 412.45 | 435.82 | OK | |
r-release-macos-arm64 | 3.3.25 | NOTE | ||||
r-release-macos-x86_64 | 3.3.25 | NOTE | ||||
r-release-windows-ix86+x86_64 | 3.3.25 | 47.00 | 476.00 | 523.00 | OK | |
r-oldrel-macos-x86_64 | 3.3.25 | NOTE | ||||
r-oldrel-windows-ix86+x86_64 | 3.3.25 | 48.00 | 482.00 | 530.00 | OK |
Version: 3.3.25
Check: data for non-ASCII characters
Result: NOTE
Note: found 9 marked UTF-8 strings
Flavors: r-devel-linux-x86_64-fedora-clang, r-devel-linux-x86_64-fedora-gcc, r-release-macos-arm64, r-release-macos-x86_64, r-oldrel-macos-x86_64