Last updated on 2022-04-08 01:48:54 CEST.
Flavor | Version | Tinstall | Tcheck | Ttotal | Status | Flags |
---|---|---|---|---|---|---|
r-devel-linux-x86_64-debian-clang | 0.1.1 | 35.05 | 370.42 | 405.47 | OK | |
r-devel-linux-x86_64-debian-gcc | 0.1.1 | 32.32 | 266.15 | 298.47 | OK | |
r-devel-linux-x86_64-fedora-clang | 0.1.1 | 469.77 | NOTE | |||
r-devel-linux-x86_64-fedora-gcc | 0.1.1 | 453.86 | NOTE | |||
r-devel-windows-x86_64-new-UL | 0.1.1 | 60.00 | 332.00 | 392.00 | OK | |
r-patched-linux-x86_64 | 0.1.1 | 37.99 | 344.00 | 381.99 | OK | |
r-release-linux-x86_64 | 0.1.1 | 28.92 | 323.76 | 352.68 | OK | |
r-release-macos-arm64 | 0.1.1 | NOTE | ||||
r-release-macos-x86_64 | 0.1.1 | NOTE | ||||
r-release-windows-ix86+x86_64 | 0.1.1 | 77.00 | 340.00 | 417.00 | OK | |
r-oldrel-macos-x86_64 | 0.1.1 | NOTE | ||||
r-oldrel-windows-ix86+x86_64 | 0.1.1 | 81.00 | 355.00 | 436.00 | OK |
Version: 0.1.1
Check: dependencies in R code
Result: NOTE
Namespace in Imports field not imported from: ‘maps’
All declared Imports should be used.
Flavors: r-devel-linux-x86_64-fedora-clang, r-devel-linux-x86_64-fedora-gcc, r-release-macos-arm64, r-release-macos-x86_64, r-oldrel-macos-x86_64