CRAN Package Check Results for Package osqp

Last updated on 2022-04-08 01:48:53 CEST.

Flavor Version Tinstall Tcheck Ttotal Status Flags
r-devel-linux-x86_64-debian-clang 0.6.0.5 28.25 81.71 109.96 WARN
r-devel-linux-x86_64-debian-gcc 0.6.0.5 30.16 61.57 91.73 OK
r-devel-linux-x86_64-fedora-clang 0.6.0.5 157.48 WARN
r-devel-linux-x86_64-fedora-gcc 0.6.0.5 142.11 OK
r-devel-windows-x86_64-new-UL 0.6.0.5 192.00 118.00 310.00 OK
r-patched-linux-x86_64 0.6.0.5 34.65 78.76 113.41 OK
r-release-linux-x86_64 0.6.0.5 31.58 72.68 104.26 OK
r-release-macos-arm64 0.6.0.5 OK
r-release-macos-x86_64 0.6.0.5 OK
r-release-windows-ix86+x86_64 0.6.0.5 103.00 124.00 227.00 OK
r-oldrel-macos-x86_64 0.6.0.5 OK
r-oldrel-windows-ix86+x86_64 0.6.0.5 104.00 127.00 231.00 OK

Additional issues

clang14

Check Details

Version: 0.6.0.5
Check: whether package can be installed
Result: WARN
    Found the following significant warnings:
     osqp_solve_interface.cpp:200:7: warning: use of bitwise '&' with boolean operands [-Wbitwise-instead-of-logical]
     osqp_solve_interface.cpp:203:7: warning: use of bitwise '&' with boolean operands [-Wbitwise-instead-of-logical]
     osqp_solve_interface.cpp:206:7: warning: use of bitwise '&' with boolean operands [-Wbitwise-instead-of-logical]
     osqp_solve_interface.cpp:230:7: warning: use of bitwise '&' with boolean operands [-Wbitwise-instead-of-logical]
     osqp_solve_interface.cpp:238:7: warning: use of bitwise '&' with boolean operands [-Wbitwise-instead-of-logical]
     osqp_solve_interface.cpp:245:7: warning: use of bitwise '&' with boolean operands [-Wbitwise-instead-of-logical]
Flavors: r-devel-linux-x86_64-debian-clang, r-devel-linux-x86_64-fedora-clang