CRAN Package Check Results for Package osmplotr

Last updated on 2022-04-08 01:48:53 CEST.

Flavor Version Tinstall Tcheck Ttotal Status Flags
r-devel-linux-x86_64-debian-clang 0.3.3 15.49 264.20 279.69 OK
r-devel-linux-x86_64-debian-gcc 0.3.3 13.52 189.75 203.27 OK
r-devel-linux-x86_64-fedora-clang 0.3.3 321.97 NOTE
r-devel-linux-x86_64-fedora-gcc 0.3.3 307.30 OK
r-devel-windows-x86_64-new-UL 0.3.3 69.00 274.00 343.00 NOTE
r-patched-linux-x86_64 0.3.3 14.03 243.45 257.48 OK
r-release-linux-x86_64 0.3.3 13.85 240.42 254.27 OK
r-release-macos-arm64 0.3.3 NOTE
r-release-macos-x86_64 0.3.3 NOTE
r-release-windows-ix86+x86_64 0.3.3 34.00 290.00 324.00 NOTE
r-oldrel-macos-x86_64 0.3.3 NOTE
r-oldrel-windows-ix86+x86_64 0.3.3 34.00 292.00 326.00 NOTE

Check Details

Version: 0.3.3
Check: installed package size
Result: NOTE
     installed size is 9.2Mb
     sub-directories of 1Mb or more:
     doc 7.8Mb
Flavors: r-devel-linux-x86_64-fedora-clang, r-devel-windows-x86_64-new-UL, r-release-macos-arm64, r-release-macos-x86_64, r-release-windows-ix86+x86_64, r-oldrel-macos-x86_64, r-oldrel-windows-ix86+x86_64