CRAN Package Check Results for Package oreo

Last updated on 2022-04-08 01:48:53 CEST.

Flavor Version Tinstall Tcheck Ttotal Status Flags
r-devel-linux-x86_64-debian-clang 1.0 4.30 50.20 54.50 OK
r-devel-linux-x86_64-debian-gcc 1.0 3.18 38.83 42.01 OK
r-devel-linux-x86_64-fedora-clang 1.0 66.09 NOTE
r-devel-linux-x86_64-fedora-gcc 1.0 54.67 NOTE
r-devel-windows-x86_64-new-UL 1.0 16.00 67.00 83.00 OK
r-patched-linux-x86_64 1.0 4.82 48.41 53.23 OK
r-release-linux-x86_64 1.0 4.75 46.98 51.73 OK
r-release-macos-arm64 1.0 NOTE
r-release-macos-x86_64 1.0 NOTE
r-release-windows-ix86+x86_64 1.0 11.00 60.00 71.00 OK
r-oldrel-macos-x86_64 1.0 NOTE
r-oldrel-windows-ix86+x86_64 1.0 11.00 60.00 71.00 OK

Check Details

Version: 1.0
Check: dependencies in R code
Result: NOTE
    Namespaces in Imports field not imported from:
     ‘ggplot2’ ‘gridExtra’ ‘scales’ ‘tools’
     All declared Imports should be used.
Flavors: r-devel-linux-x86_64-fedora-clang, r-devel-linux-x86_64-fedora-gcc, r-release-macos-arm64, r-release-macos-x86_64, r-oldrel-macos-x86_64