CRAN Package Check Results for Package ordinalbayes

Last updated on 2022-04-08 01:48:53 CEST.

Flavor Version Tinstall Tcheck Ttotal Status Flags
r-devel-linux-x86_64-debian-clang 0.1.0 4.60 82.25 86.85 OK
r-devel-linux-x86_64-debian-gcc 0.1.0 4.90 63.35 68.25 OK
r-devel-linux-x86_64-fedora-clang 0.1.1 488.48 NOTE
r-devel-linux-x86_64-fedora-gcc 0.1.1 606.82 NOTE
r-devel-windows-x86_64-new-UL 0.1.1 58.00 448.00 506.00 OK
r-patched-linux-x86_64 0.1.0 4.45 80.56 85.01 OK
r-release-linux-x86_64 0.1.1 36.06 378.78 414.84 OK
r-release-macos-arm64 0.1.0 NOTE
r-release-macos-x86_64 0.1.0 WARN
r-release-windows-ix86+x86_64 0.1.0 12.00 76.00 88.00 WARN
r-oldrel-macos-x86_64 0.1.0 WARN
r-oldrel-windows-ix86+x86_64 0.1.0 12.00 76.00 88.00 WARN

Check Details

Version: 0.1.1
Check: dependencies in R code
Result: NOTE
    Namespace in Imports field not imported from: ‘devtools’
     All declared Imports should be used.
Flavors: r-devel-linux-x86_64-fedora-clang, r-devel-linux-x86_64-fedora-gcc

Version: 0.1.0
Check: dependencies in R code
Result: NOTE
    Namespaces in Imports field not imported from:
     ‘DESeq2’ ‘SummarizedExperiment’ ‘dclone’ ‘devtools’
     All declared Imports should be used.
Flavors: r-release-macos-arm64, r-release-macos-x86_64, r-oldrel-macos-x86_64

Version: 0.1.0
Check: re-building of vignette outputs
Result: WARN
    Error(s) in re-building vignettes:
     ...
    --- re-building ‘ordinalbayes-vignette.Rmd’ using rmarkdown
    Pandoc is required to build R Markdown vignettes but not available. Please make sure it is installed.
    Quitting from lines 56-57 (ordinalbayes-vignette.Rmd)
    Error: processing vignette 'ordinalbayes-vignette.Rmd' failed with diagnostics:
    Unable to call JAGS
    --- failed re-building ‘ordinalbayes-vignette.Rmd’
    
    SUMMARY: processing the following file failed:
     ‘ordinalbayes-vignette.Rmd’
    
    Error: Vignette re-building failed.
    Execution halted
Flavors: r-release-macos-x86_64, r-oldrel-macos-x86_64

Version: 0.1.0
Check: re-building of vignette outputs
Result: WARN
    Error(s) in re-building vignettes:
    --- re-building 'ordinalbayes-vignette.Rmd' using rmarkdown
    INFORMATION: Es konnten keine Dateien mit dem angegebenen
    Muster gefunden werden.
    Quitting from lines 56-57 (ordinalbayes-vignette.Rmd)
    Error: processing vignette 'ordinalbayes-vignette.Rmd' failed with diagnostics:
    Unable to call JAGS
    --- failed re-building 'ordinalbayes-vignette.Rmd'
    
    SUMMARY: processing the following file failed:
     'ordinalbayes-vignette.Rmd'
    
    Error: Vignette re-building failed.
    Execution halted
Flavors: r-release-windows-ix86+x86_64, r-oldrel-windows-ix86+x86_64