CRAN Package Check Results for Package oaqc

Last updated on 2022-04-08 01:48:53 CEST.

Flavor Version Tinstall Tcheck Ttotal Status Flags
r-devel-linux-x86_64-debian-clang 1.0 4.93 33.16 38.09 NOTE
r-devel-linux-x86_64-debian-gcc 1.0 4.12 26.14 30.26 NOTE
r-devel-linux-x86_64-fedora-clang 1.0 51.54 NOTE
r-devel-linux-x86_64-fedora-gcc 1.0 36.02 NOTE
r-devel-windows-x86_64-new-UL 1.0 17.00 66.00 83.00 NOTE
r-patched-linux-x86_64 1.0 4.57 32.21 36.78 NOTE
r-release-linux-x86_64 1.0 4.57 30.86 35.43 NOTE
r-release-macos-arm64 1.0 NOTE
r-release-macos-x86_64 1.0 NOTE
r-release-windows-ix86+x86_64 1.0 16.00 56.00 72.00 NOTE
r-oldrel-macos-x86_64 1.0 OK
r-oldrel-windows-ix86+x86_64 1.0 15.00 58.00 73.00 OK

Check Details

Version: 1.0
Check: LazyData
Result: NOTE
     'LazyData' is specified without a 'data' directory
Flavors: r-devel-linux-x86_64-debian-clang, r-devel-linux-x86_64-debian-gcc, r-devel-linux-x86_64-fedora-clang, r-devel-linux-x86_64-fedora-gcc, r-devel-windows-x86_64-new-UL, r-patched-linux-x86_64, r-release-linux-x86_64, r-release-macos-arm64, r-release-macos-x86_64, r-release-windows-ix86+x86_64