Last updated on 2022-04-08 01:48:53 CEST.
Flavor | Version | Tinstall | Tcheck | Ttotal | Status | Flags |
---|---|---|---|---|---|---|
r-devel-linux-x86_64-debian-clang | 1.0.2 | 21.54 | 69.85 | 91.39 | OK | |
r-devel-linux-x86_64-debian-gcc | 1.0.2 | 15.58 | 55.64 | 71.22 | OK | |
r-devel-linux-x86_64-fedora-clang | 1.0.2 | 112.72 | OK | |||
r-devel-linux-x86_64-fedora-gcc | 1.0.2 | 101.37 | OK | |||
r-devel-windows-x86_64-new-UL | 1.0.2 | 29.00 | 90.00 | 119.00 | OK | |
r-patched-linux-x86_64 | 1.0.2 | 19.96 | 66.39 | 86.35 | OK | |
r-release-linux-x86_64 | 1.0.2 | 19.25 | 65.30 | 84.55 | OK | |
r-release-macos-arm64 | 1.0.2 | NOTE | ||||
r-release-macos-x86_64 | 1.0.2 | OK | ||||
r-release-windows-ix86+x86_64 | 1.0.2 | 32.00 | 80.00 | 112.00 | OK | |
r-oldrel-macos-x86_64 | 1.0.2 | OK | ||||
r-oldrel-windows-ix86+x86_64 | 1.0.2 | 33.00 | 77.00 | 110.00 | OK |
Version: 1.0.2
Check: installed package size
Result: NOTE
installed size is 5.1Mb
sub-directories of 1Mb or more:
data 5.0Mb
Flavor: r-release-macos-arm64